Last updated on 2025-05-21 14:48:41 CEST.
Flavor | Version | Tinstall | Tcheck | Ttotal | Status | Flags |
---|---|---|---|---|---|---|
r-devel-linux-x86_64-debian-clang | 1.1.0 | 44.48 | 367.47 | 411.95 | NOTE | |
r-devel-linux-x86_64-debian-gcc | 1.1.0 | 31.63 | 266.20 | 297.83 | NOTE | |
r-devel-linux-x86_64-fedora-clang | 1.1.0 | 659.30 | OK | |||
r-devel-linux-x86_64-fedora-gcc | 1.1.0 | 638.68 | OK | |||
r-devel-windows-x86_64 | 1.1.0 | 45.00 | 322.00 | 367.00 | OK | |
r-patched-linux-x86_64 | 1.1.0 | 45.01 | 350.48 | 395.49 | OK | |
r-release-linux-x86_64 | 1.1.0 | 39.76 | 350.69 | 390.45 | OK | |
r-release-macos-arm64 | 1.1.0 | 160.00 | OK | |||
r-release-macos-x86_64 | 1.1.0 | 297.00 | OK | |||
r-release-windows-x86_64 | 1.1.0 | 44.00 | 310.00 | 354.00 | OK | |
r-oldrel-macos-arm64 | 1.1.0 | 158.00 | NOTE | |||
r-oldrel-macos-x86_64 | 1.1.0 | 232.00 | NOTE | |||
r-oldrel-windows-x86_64 | 1.1.0 | 57.00 | 397.00 | 454.00 | NOTE |
Version: 1.1.0
Check: CRAN incoming feasibility
Result: NOTE
Maintainer: ‘Sean Wen <sean.wenwx@gmail.com>’
No Authors@R field in DESCRIPTION.
Please add one, modifying
Authors@R: person(given = "Sean",
family = "Wen",
role = c("aut", "cre"),
email = "sean.wenwx@gmail.com")
as necessary.
Flavors: r-devel-linux-x86_64-debian-clang, r-devel-linux-x86_64-debian-gcc
Version: 1.1.0
Check: installed package size
Result: NOTE
installed size is 9.4Mb
sub-directories of 1Mb or more:
extdata 8.7Mb
Flavors: r-oldrel-macos-arm64, r-oldrel-macos-x86_64, r-oldrel-windows-x86_64