CRAN Package Check Results for Package V8

Last updated on 2025-04-30 01:50:41 CEST.

Flavor Version Tinstall Tcheck Ttotal Status Flags
r-devel-linux-x86_64-debian-clang 6.0.3 20.71 37.97 58.68 OK
r-devel-linux-x86_64-debian-gcc 6.0.3 16.87 30.74 47.61 OK
r-devel-linux-x86_64-fedora-clang 6.0.3 131.37 OK
r-devel-linux-x86_64-fedora-gcc 6.0.3 115.82 OK
r-devel-windows-x86_64 6.0.3 56.00 124.00 180.00 OK
r-patched-linux-x86_64 6.0.3 22.46 37.29 59.75 OK
r-release-linux-x86_64 6.0.3 20.88 36.50 57.38 OK
r-release-macos-arm64 6.0.3 59.00 OK
r-release-macos-x86_64 6.0.3 83.00 OK
r-release-windows-x86_64 6.0.3 59.00 121.00 180.00 OK
r-oldrel-macos-arm64 6.0.3 89.00 NOTE
r-oldrel-macos-x86_64 6.0.3 144.00 NOTE
r-oldrel-windows-x86_64 6.0.3 63.00 148.00 211.00 NOTE

Check Details

Version: 6.0.3
Check: installed package size
Result: NOTE installed size is 49.7Mb sub-directories of 1Mb or more: doc 1.8Mb libs 47.7Mb Flavors: r-oldrel-macos-arm64, r-oldrel-macos-x86_64, r-oldrel-windows-x86_64