Last updated on 2025-05-09 22:50:05 CEST.
Flavor | Version | Tinstall | Tcheck | Ttotal | Status | Flags |
---|---|---|---|---|---|---|
r-devel-linux-x86_64-debian-clang | 1.0.0 | 10.17 | 79.72 | 89.89 | NOTE | |
r-devel-linux-x86_64-debian-gcc | 1.0.0 | 6.66 | 57.24 | 63.90 | NOTE | |
r-devel-linux-x86_64-fedora-clang | 1.0.0 | 138.63 | OK | |||
r-devel-linux-x86_64-fedora-gcc | 1.0.0 | 131.71 | OK | |||
r-devel-windows-x86_64 | 1.0.0 | 13.00 | 84.00 | 97.00 | NOTE | |
r-patched-linux-x86_64 | 1.0.0 | 8.05 | 73.81 | 81.86 | NOTE | |
r-release-linux-x86_64 | 1.0.0 | 8.36 | 74.08 | 82.44 | NOTE | |
r-release-macos-arm64 | 1.0.0 | 37.00 | OK | |||
r-release-macos-x86_64 | 1.0.0 | 73.00 | OK | |||
r-release-windows-x86_64 | 1.0.0 | 10.00 | 81.00 | 91.00 | NOTE | |
r-oldrel-macos-arm64 | 1.0.0 | 37.00 | OK | |||
r-oldrel-macos-x86_64 | 1.0.0 | 53.00 | OK | |||
r-oldrel-windows-x86_64 | 1.0.0 | 13.00 | 101.00 | 114.00 | OK |
Version: 1.0.0
Check: CRAN incoming feasibility
Result: NOTE
Maintainer: ‘Yao Liu <lyao222lll@nwafu.edu.cn>’
No Authors@R field in DESCRIPTION.
Please add one, modifying
Authors@R: person(given = "Yao",
family = "Liu",
role = c("aut", "cre"),
email = "lyao222lll@nwafu.edu.cn")
as necessary.
Flavors: r-devel-linux-x86_64-debian-clang, r-devel-linux-x86_64-debian-gcc
Version: 1.0.0
Check: Rd cross-references
Result: NOTE
Found the following Rd file(s) with Rd \link{} targets missing package
anchors:
barplot_hp.Rd: rdacca.hp
upset_vp.Rd: rdacca.hp
Please provide package anchors for all Rd \link{} targets not in the
package itself and the base packages.
Flavors: r-devel-linux-x86_64-debian-clang, r-devel-linux-x86_64-debian-gcc, r-devel-windows-x86_64, r-patched-linux-x86_64, r-release-linux-x86_64, r-release-windows-x86_64