Last updated on 2025-05-01 01:49:50 CEST.
Flavor | Version | Tinstall | Tcheck | Ttotal | Status | Flags |
---|---|---|---|---|---|---|
r-devel-linux-x86_64-debian-clang | 1.2.0 | 6.72 | 159.86 | 166.58 | NOTE | |
r-devel-linux-x86_64-debian-gcc | 1.2.0 | 4.79 | 102.30 | 107.09 | OK | |
r-devel-linux-x86_64-fedora-clang | 1.2.0 | 284.43 | OK | |||
r-devel-linux-x86_64-fedora-gcc | 1.2.0 | 271.38 | OK | |||
r-devel-windows-x86_64 | 1.2.0 | 7.00 | 175.00 | 182.00 | OK | |
r-patched-linux-x86_64 | 1.2.0 | 6.26 | 146.09 | 152.35 | OK | |
r-release-linux-x86_64 | 1.2.0 | 7.03 | 145.41 | 152.44 | OK | |
r-release-macos-arm64 | 1.2.0 | 78.00 | OK | |||
r-release-macos-x86_64 | 1.2.0 | 181.00 | OK | |||
r-release-windows-x86_64 | 1.2.0 | 8.00 | 179.00 | 187.00 | OK | |
r-oldrel-macos-arm64 | 1.2.0 | 73.00 | OK | |||
r-oldrel-macos-x86_64 | 1.2.0 | 159.00 | OK | |||
r-oldrel-windows-x86_64 | 1.2.0 | 9.00 | 213.00 | 222.00 | OK |
Version: 1.2.0
Check: examples
Result: NOTE
Examples with CPU (user + system) or elapsed time > 5s
user system elapsed
GC.IDX 9.755 0.001 12.928
KWON.IDX 9.008 0.000 11.545
WL.IDX 8.970 0.000 13.236
HF.IDX 8.955 0.012 11.149
KPBM.IDX 8.955 0.004 11.801
PBM.IDX 8.934 0.004 12.328
KWON2.IDX 8.926 0.003 12.832
XB.IDX 8.908 0.000 11.907
TANG.IDX 8.886 0.011 12.017
CCV.IDX 7.310 0.107 10.182
FzzyCVIs 6.191 0.008 7.847
plot_idx 5.463 0.004 7.917
WP.IDX 5.187 0.000 7.089
SH.IDX 4.873 0.008 6.089
Flavor: r-devel-linux-x86_64-debian-clang
Version: 1.2.0
Check: examples
Result: NA
user system elapsed
PBM.IDX 5.679 0.004 8.322
WL.IDX 5.621 0.004 7.082
HF.IDX 5.603 0.019 8.010
KWON.IDX 5.613 0.001 8.398
TANG.IDX 5.603 0.000 7.625
XB.IDX 5.584 0.012 7.706
KPBM.IDX 5.583 0.011 8.137
KWON2.IDX 5.497 0.003 6.965
GC.IDX 5.392 0.004 6.963
FzzyCVIs 3.692 0.000 5.595
OK
Flavor: r-devel-linux-x86_64-debian-gcc