CRAN Package Check Results for Package USP

Last updated on 2025-05-01 08:52:49 CEST.

Flavor Version Tinstall Tcheck Ttotal Status Flags
r-devel-linux-x86_64-debian-clang 0.1.2 1.74 25.98 27.72 NOTE
r-devel-linux-x86_64-debian-gcc 0.1.2 1.57 21.25 22.82 NOTE
r-devel-linux-x86_64-fedora-clang 0.1.2 43.48 OK
r-devel-linux-x86_64-fedora-gcc 0.1.2 42.98 OK
r-devel-windows-x86_64 0.1.2 3.00 54.00 57.00 OK
r-patched-linux-x86_64 0.1.2 2.20 25.10 27.30 OK
r-release-linux-x86_64 OK
r-release-macos-arm64 0.1.2 20.00 OK
r-release-macos-x86_64 0.1.2 31.00 OK
r-release-windows-x86_64 0.1.2 4.00 56.00 60.00 OK
r-oldrel-macos-arm64 0.1.2 20.00 NOTE
r-oldrel-macos-x86_64 0.1.2 28.00 NOTE
r-oldrel-windows-x86_64 0.1.2 4.00 52.00 56.00 NOTE

Check Details

Version: 0.1.2
Check: CRAN incoming feasibility
Result: NOTE Maintainer: ‘Thomas B. Berrett <tom.berrett@warwick.ac.uk>’ No Authors@R field in DESCRIPTION. Please add one, modifying Authors@R: c(person(given = c("Thomas", "B."), family = "Berrett", role = c("aut", "cre"), email = "tom.berrett@warwick.ac.uk"), person(given = "Ioannis", family = "Kontoyiannis", role = "aut", email = "yiannis@maths.cam.ac.uk"), person(given = c("Richard", "J."), family = "Samworth", role = "aut", email = "r.samworth@statslab.cam.ac.uk")) as necessary. The Description field contains <arXiv:2001.05513>, and shown to be minimax rate optimal in a wide Please refer to arXiv e-prints via their arXiv DOI <doi:10.48550/arXiv.YYMM.NNNNN>. Flavors: r-devel-linux-x86_64-debian-clang, r-devel-linux-x86_64-debian-gcc

Version: 0.1.2
Check: LazyData
Result: NOTE 'LazyData' is specified without a 'data' directory Flavors: r-oldrel-macos-arm64, r-oldrel-macos-x86_64, r-oldrel-windows-x86_64