Last updated on 2024-06-29 11:49:27 CEST.
Flavor | Version | Tinstall | Tcheck | Ttotal | Status | Flags |
---|---|---|---|---|---|---|
r-devel-linux-x86_64-debian-clang | 2.1.0 | 15.69 | 109.67 | 125.36 | OK | |
r-devel-linux-x86_64-debian-gcc | 2.1.0 | 13.77 | 79.57 | 93.34 | OK | |
r-devel-linux-x86_64-fedora-clang | 2.1.0 | 162.37 | NOTE | |||
r-devel-linux-x86_64-fedora-gcc | 2.1.0 | 156.94 | OK | |||
r-devel-windows-x86_64 | 2.1.0 | 19.00 | 119.00 | 138.00 | NOTE | |
r-patched-linux-x86_64 | 2.1.0 | 12.19 | 104.59 | 116.78 | OK | |
r-release-linux-x86_64 | 2.1.0 | 17.05 | 106.02 | 123.07 | OK | |
r-release-macos-arm64 | 2.1.0 | 37.00 | NOTE | |||
r-release-macos-x86_64 | 2.1.0 | 76.00 | NOTE | |||
r-release-windows-x86_64 | 2.1.0 | 19.00 | 110.00 | 129.00 | NOTE | |
r-oldrel-macos-arm64 | 2.1.0 | 50.00 | NOTE | |||
r-oldrel-macos-x86_64 | 2.1.0 | 73.00 | NOTE | |||
r-oldrel-windows-x86_64 | 2.1.0 | 24.00 | 137.00 | 161.00 | NOTE |
Version: 2.1.0
Check: installed package size
Result: NOTE
installed size is 8.0Mb
sub-directories of 1Mb or more:
doc 1.4Mb
shinyapp 4.9Mb
Flavors: r-devel-linux-x86_64-fedora-clang, r-devel-windows-x86_64, r-release-macos-arm64, r-release-macos-x86_64, r-release-windows-x86_64, r-oldrel-macos-arm64, r-oldrel-macos-x86_64, r-oldrel-windows-x86_64