Last updated on 2024-08-24 16:49:14 CEST.
Flavor | Version | Tinstall | Tcheck | Ttotal | Status | Flags |
---|---|---|---|---|---|---|
r-devel-linux-x86_64-debian-clang | 0.1.0 | 10.93 | 90.15 | 101.08 | OK | |
r-devel-linux-x86_64-debian-gcc | 0.1.0 | 7.17 | 65.85 | 73.02 | OK | |
r-devel-linux-x86_64-fedora-clang | 0.1.0 | 164.68 | NOTE | |||
r-devel-linux-x86_64-fedora-gcc | 0.1.0 | 166.57 | NOTE | |||
r-devel-windows-x86_64 | 0.1.0 | 13.00 | 98.00 | 111.00 | OK | |
r-patched-linux-x86_64 | 0.1.0 | 11.28 | 86.19 | 97.47 | OK | |
r-release-linux-x86_64 | 0.1.0 | 10.10 | 86.15 | 96.25 | OK | |
r-release-macos-arm64 | 0.1.0 | 48.00 | OK | |||
r-release-macos-x86_64 | 0.1.0 | 76.00 | OK | |||
r-release-windows-x86_64 | 0.1.0 | 11.00 | 94.00 | 105.00 | OK | |
r-oldrel-macos-arm64 | 0.1.0 | 54.00 | OK | |||
r-oldrel-macos-x86_64 | 0.1.0 | 88.00 | OK | |||
r-oldrel-windows-x86_64 | 0.1.0 | 15.00 | 120.00 | 135.00 | OK |
Version: 0.1.0
Check: data for non-ASCII characters
Result: NOTE
Note: found 34 marked Latin-1 strings
Flavors: r-devel-linux-x86_64-fedora-clang, r-devel-linux-x86_64-fedora-gcc