Last updated on 2025-04-29 19:50:50 CEST.
Flavor | Version | Tinstall | Tcheck | Ttotal | Status | Flags |
---|---|---|---|---|---|---|
r-devel-linux-x86_64-debian-clang | 0.0.1 | 21.33 | 202.16 | 223.49 | NOTE | |
r-devel-linux-x86_64-debian-gcc | 0.0.1 | 13.59 | 127.38 | 140.97 | OK | |
r-devel-linux-x86_64-fedora-clang | 0.0.1 | 350.89 | OK | |||
r-devel-linux-x86_64-fedora-gcc | 0.0.1 | 344.18 | OK | |||
r-devel-windows-x86_64 | 0.0.1 | 19.00 | 154.00 | 173.00 | OK | |
r-patched-linux-x86_64 | 0.0.1 | 22.71 | 196.07 | 218.78 | OK | |
r-release-linux-x86_64 | 0.0.1 | 22.21 | 189.46 | 211.67 | OK | |
r-release-macos-arm64 | 0.0.1 | 100.00 | OK | |||
r-release-macos-x86_64 | 0.0.1 | 177.00 | OK | |||
r-release-windows-x86_64 | 0.0.1 | 19.00 | 170.00 | 189.00 | OK | |
r-oldrel-macos-arm64 | 0.0.1 | 66.00 | OK | |||
r-oldrel-macos-x86_64 | 0.0.1 | 125.00 | OK | |||
r-oldrel-windows-x86_64 | 0.0.1 | 29.00 | 214.00 | 243.00 | OK |
Version: 0.0.1
Check: examples
Result: NOTE
Examples with CPU (user + system) or elapsed time > 5s
user system elapsed
troublemaker 3.774 0 5.559
Flavor: r-devel-linux-x86_64-debian-clang