Last updated on 2024-06-29 11:49:26 CEST.
Flavor | Version | Tinstall | Tcheck | Ttotal | Status | Flags |
---|---|---|---|---|---|---|
r-devel-linux-x86_64-debian-clang | 2.7.0 | 65.84 | 311.03 | 376.87 | NOTE | |
r-devel-linux-x86_64-debian-gcc | 2.7.0 | 41.56 | 228.09 | 269.65 | NOTE | |
r-devel-linux-x86_64-fedora-clang | 2.7.0 | 473.86 | NOTE | |||
r-devel-linux-x86_64-fedora-gcc | 2.7.0 | 476.37 | NOTE | |||
r-devel-windows-x86_64 | 2.7.0 | 51.00 | 270.00 | 321.00 | NOTE | |
r-patched-linux-x86_64 | 2.7.0 | 51.80 | 300.25 | 352.05 | NOTE | |
r-release-linux-x86_64 | 2.7.0 | 60.31 | 288.66 | 348.97 | NOTE | |
r-release-macos-arm64 | 2.7.0 | 128.00 | NOTE | |||
r-release-macos-x86_64 | 2.7.0 | 176.00 | NOTE | |||
r-release-windows-x86_64 | 2.7.0 | 50.00 | 267.00 | 317.00 | NOTE | |
r-oldrel-macos-arm64 | 2.7.0 | 145.00 | NOTE | |||
r-oldrel-macos-x86_64 | 2.7.0 | 288.00 | NOTE | |||
r-oldrel-windows-x86_64 | 2.7.0 | 62.00 | 436.00 | 498.00 | NOTE |
Version: 2.7.0
Check: package dependencies
Result: NOTE
Package suggested but not available for checking: ‘TreeDistData’
Flavors: r-devel-linux-x86_64-debian-clang, r-devel-linux-x86_64-debian-gcc, r-devel-linux-x86_64-fedora-clang, r-devel-linux-x86_64-fedora-gcc, r-devel-windows-x86_64, r-patched-linux-x86_64, r-release-linux-x86_64, r-release-macos-arm64, r-release-macos-x86_64, r-release-windows-x86_64, r-oldrel-macos-arm64, r-oldrel-macos-x86_64, r-oldrel-windows-x86_64
Version: 2.7.0
Check: installed package size
Result: NOTE
installed size is 5.9Mb
sub-directories of 1Mb or more:
doc 5.0Mb
Flavors: r-devel-linux-x86_64-fedora-clang, r-devel-windows-x86_64, r-release-macos-arm64, r-release-macos-x86_64, r-release-windows-x86_64, r-oldrel-macos-arm64, r-oldrel-macos-x86_64, r-oldrel-windows-x86_64