Last updated on 2024-06-29 11:49:26 CEST.
Flavor | Version | Tinstall | Tcheck | Ttotal | Status | Flags |
---|---|---|---|---|---|---|
r-devel-linux-x86_64-debian-clang | 2.6.7 | 30.01 | 1383.16 | 1413.17 | NOTE | |
r-devel-linux-x86_64-debian-gcc | 2.6.7 | 19.42 | 980.36 | 999.78 | NOTE | |
r-devel-linux-x86_64-fedora-clang | 2.6.7 | 1662.69 | NOTE | |||
r-devel-linux-x86_64-fedora-gcc | 2.6.7 | 1054.77 | NOTE | |||
r-devel-windows-x86_64 | 2.6.7 | 18.00 | 568.00 | 586.00 | NOTE | |
r-patched-linux-x86_64 | 2.6.7 | 23.56 | 1317.75 | 1341.31 | NOTE | |
r-release-linux-x86_64 | 2.6.7 | 15.43 | 1283.26 | 1298.69 | NOTE | |
r-release-macos-arm64 | 2.6.7 | 203.00 | NOTE | |||
r-release-macos-x86_64 | 2.6.7 | 414.00 | NOTE | |||
r-release-windows-x86_64 | 2.6.7 | 19.00 | 561.00 | 580.00 | NOTE | |
r-oldrel-macos-arm64 | 2.6.7 | 206.00 | NOTE | |||
r-oldrel-macos-x86_64 | 2.6.7 | 469.00 | NOTE | |||
r-oldrel-windows-x86_64 | 2.6.7 | 25.00 | 772.00 | 797.00 | NOTE |
Version: 2.6.7
Check: package dependencies
Result: NOTE
Packages suggested but not available for checking:
'CohortGenerator', 'Capr'
Flavors: r-devel-linux-x86_64-debian-clang, r-devel-linux-x86_64-debian-gcc, r-devel-linux-x86_64-fedora-clang, r-devel-linux-x86_64-fedora-gcc, r-devel-windows-x86_64, r-patched-linux-x86_64, r-release-linux-x86_64, r-release-macos-arm64, r-release-macos-x86_64, r-release-windows-x86_64, r-oldrel-macos-arm64, r-oldrel-macos-x86_64, r-oldrel-windows-x86_64