Last updated on 2024-08-24 16:49:13 CEST.
Flavor | Version | Tinstall | Tcheck | Ttotal | Status | Flags |
---|---|---|---|---|---|---|
r-devel-linux-x86_64-debian-clang | 1.2.3 | 29.18 | 302.76 | 331.94 | OK | |
r-devel-linux-x86_64-debian-gcc | 1.2.3 | 21.32 | 217.65 | 238.97 | OK | |
r-devel-linux-x86_64-fedora-clang | 1.2.3 | 532.30 | OK | |||
r-devel-linux-x86_64-fedora-gcc | 1.2.3 | 561.75 | OK | |||
r-devel-windows-x86_64 | 1.2.3 | 36.00 | 376.00 | 412.00 | OK | |
r-patched-linux-x86_64 | 1.2.3 | 29.01 | 292.87 | 321.88 | OK | |
r-release-linux-x86_64 | 1.2.3 | 31.10 | 293.97 | 325.07 | OK | |
r-release-macos-arm64 | 1.2.3 | 165.00 | NOTE | |||
r-release-macos-x86_64 | 1.2.3 | 264.00 | NOTE | |||
r-release-windows-x86_64 | 1.2.3 | 36.00 | 383.00 | 419.00 | OK | |
r-oldrel-macos-arm64 | 1.2.3 | 186.00 | NOTE | |||
r-oldrel-macos-x86_64 | 1.2.3 | 439.00 | NOTE | |||
r-oldrel-windows-x86_64 | 1.2.3 | 43.00 | 421.00 | 464.00 | OK |
Version: 1.2.3
Check: installed package size
Result: NOTE
installed size is 5.8Mb
sub-directories of 1Mb or more:
doc 1.7Mb
libs 3.5Mb
Flavors: r-release-macos-arm64, r-release-macos-x86_64, r-oldrel-macos-arm64, r-oldrel-macos-x86_64