Last updated on 2025-05-08 10:52:55 CEST.
Flavor | Version | Tinstall | Tcheck | Ttotal | Status | Flags |
---|---|---|---|---|---|---|
r-devel-linux-x86_64-debian-clang | 1.2.3 | 29.20 | 312.85 | 342.05 | OK | |
r-devel-linux-x86_64-debian-gcc | 1.2.3 | 22.33 | 211.52 | 233.85 | OK | |
r-devel-linux-x86_64-fedora-clang | 1.2.3 | 518.17 | OK | |||
r-devel-linux-x86_64-fedora-gcc | 1.2.3 | 549.32 | OK | |||
r-devel-windows-x86_64 | 1.2.3 | 36.00 | 391.00 | 427.00 | OK | |
r-patched-linux-x86_64 | 1.2.3 | 30.62 | 292.85 | 323.47 | OK | |
r-release-linux-x86_64 | 1.2.3 | 30.62 | 290.30 | 320.92 | OK | |
r-release-macos-arm64 | 1.2.3 | 201.00 | OK | |||
r-release-macos-x86_64 | 1.2.3 | 383.00 | OK | |||
r-release-windows-x86_64 | 1.2.3 | 38.00 | 390.00 | 428.00 | OK | |
r-oldrel-macos-arm64 | 1.2.3 | 165.00 | NOTE | |||
r-oldrel-macos-x86_64 | 1.2.3 | 264.00 | NOTE | |||
r-oldrel-windows-x86_64 | 1.2.3 | 45.00 | 466.00 | 511.00 | OK |
Version: 1.2.3
Check: installed package size
Result: NOTE
installed size is 5.8Mb
sub-directories of 1Mb or more:
doc 1.7Mb
libs 3.5Mb
Flavors: r-oldrel-macos-arm64, r-oldrel-macos-x86_64