CRAN Package Check Results for Package Thermimage

Last updated on 2025-11-02 02:50:58 CET.

Flavor Version Tinstall Tcheck Ttotal Status Flags
r-devel-linux-x86_64-debian-clang 4.1.3 4.20 59.55 63.75 NOTE
r-devel-linux-x86_64-debian-gcc 4.1.3 2.81 40.81 43.62 NOTE
r-devel-linux-x86_64-fedora-clang 4.1.3 91.47 OK
r-devel-linux-x86_64-fedora-gcc 4.1.3 97.20 OK
r-devel-windows-x86_64 4.1.3 6.00 103.00 109.00 OK
r-patched-linux-x86_64 4.1.3 5.64 55.39 61.03 OK
r-release-linux-x86_64 4.1.3 4.05 56.98 61.03 OK
r-release-macos-arm64 4.1.3 2.00 32.00 34.00 OK
r-release-macos-x86_64 4.1.3 4.00 60.00 64.00 OK
r-release-windows-x86_64 4.1.3 7.00 100.00 107.00 OK
r-oldrel-macos-arm64 4.1.3 2.00 29.00 31.00 OK
r-oldrel-macos-x86_64 4.1.3 3.00 45.00 48.00 OK
r-oldrel-windows-x86_64 4.1.3 7.00 123.00 130.00 OK

Check Details

Version: 4.1.3
Check: CRAN incoming feasibility
Result: NOTE Maintainer: ‘Glenn J. Tattersall <gtatters@brocku.ca>’ No Authors@R field in DESCRIPTION. Please add one, modifying Authors@R: person(given = c("Glenn", "J."), family = "Tattersall", role = c("aut", "cre"), email = "gtatters@brocku.ca") as necessary. Flavors: r-devel-linux-x86_64-debian-clang, r-devel-linux-x86_64-debian-gcc