CRAN Package Check Results for Package TexExamRandomizer

Last updated on 2025-11-11 12:51:14 CET.

Flavor Version Tinstall Tcheck Ttotal Status Flags
r-devel-linux-x86_64-debian-clang 1.2.7 17.52 49.51 67.03 NOTE
r-devel-linux-x86_64-debian-gcc 1.2.7 13.57 37.35 50.92 NOTE
r-devel-linux-x86_64-fedora-clang 1.2.7 32.00 70.54 102.54 OK
r-devel-linux-x86_64-fedora-gcc 1.2.7 40.00 87.14 127.14 OK
r-devel-windows-x86_64 1.2.7 24.00 87.00 111.00 OK
r-patched-linux-x86_64 1.2.7 19.86 45.43 65.29 OK
r-release-linux-x86_64 1.2.7 18.29 45.58 63.87 OK
r-release-macos-arm64 1.2.7 8.00 41.00 49.00 OK
r-release-macos-x86_64 1.2.7 14.00 61.00 75.00 OK
r-release-windows-x86_64 1.2.7 24.00 86.00 110.00 OK
r-oldrel-macos-arm64 1.2.7 7.00 32.00 39.00 OK
r-oldrel-macos-x86_64 1.2.7 11.00 45.00 56.00 OK
r-oldrel-windows-x86_64 1.2.7 29.00 159.00 188.00 OK

Check Details

Version: 1.2.7
Check: CRAN incoming feasibility
Result: NOTE Maintainer: ‘Alejandro Gonzalez Recuenco <alejandrogonzalezrecuenco@gmail.com>’ No Authors@R field in DESCRIPTION. Please add one, modifying Authors@R: person(given = c("Alejandro", "Gonzalez"), family = "Recuenco", role = c("aut", "cre"), email = "alejandrogonzalezrecuenco@gmail.com") as necessary. Flavors: r-devel-linux-x86_64-debian-clang, r-devel-linux-x86_64-debian-gcc