Last updated on 2025-04-30 01:50:39 CEST.
Flavor | Version | Tinstall | Tcheck | Ttotal | Status | Flags |
---|---|---|---|---|---|---|
r-devel-linux-x86_64-debian-clang | 4.1.1 | 5.96 | 65.46 | 71.42 | NOTE | |
r-devel-linux-x86_64-debian-gcc | 4.1.1 | 4.31 | 45.47 | 49.78 | NOTE | |
r-devel-linux-x86_64-fedora-clang | 4.1.1 | 105.41 | OK | |||
r-devel-linux-x86_64-fedora-gcc | 4.1.1 | 102.52 | OK | |||
r-devel-windows-x86_64 | 4.1.1 | 8.00 | 99.00 | 107.00 | OK | |
r-patched-linux-x86_64 | 4.1.1 | 7.55 | 60.73 | 68.28 | OK | |
r-release-linux-x86_64 | 4.1.1 | 5.11 | 60.25 | 65.36 | OK | |
r-release-macos-arm64 | 4.1.1 | 43.00 | OK | |||
r-release-macos-x86_64 | 4.1.1 | 66.00 | OK | |||
r-release-windows-x86_64 | 4.1.1 | 8.00 | 167.00 | 175.00 | OK | |
r-oldrel-macos-arm64 | 4.1.1 | 33.00 | OK | |||
r-oldrel-macos-x86_64 | 4.1.1 | 57.00 | OK | |||
r-oldrel-windows-x86_64 | 4.1.1 | 10.00 | 106.00 | 116.00 | OK |
Version: 4.1.1
Check: CRAN incoming feasibility
Result: NOTE
Maintainer: ‘Hugo Andres Gutierrez Rojas <hagutierrezro@gmail.com>’
No Authors@R field in DESCRIPTION.
Please add one, modifying
Authors@R: person(given = c("Hugo", "Andres", "Gutierrez"),
family = "Rojas",
role = c("aut", "cre"),
email = "hagutierrezro@gmail.com")
as necessary.
Flavors: r-devel-linux-x86_64-debian-clang, r-devel-linux-x86_64-debian-gcc
Version: 4.1.1
Check: examples
Result: NOTE
Examples with CPU (user + system) or elapsed time > 5s
user system elapsed
E.UC 5.408 0.088 7.542
Flavor: r-devel-linux-x86_64-debian-clang