Last updated on 2024-06-29 11:49:26 CEST.
Flavor | Version | Tinstall | Tcheck | Ttotal | Status | Flags |
---|---|---|---|---|---|---|
r-devel-linux-x86_64-debian-clang | 2.4 | 31.42 | 287.79 | 319.21 | OK | |
r-devel-linux-x86_64-debian-gcc | 2.4 | 22.90 | 210.98 | 233.88 | OK | |
r-devel-linux-x86_64-fedora-clang | 2.4 | 400.17 | OK | |||
r-devel-linux-x86_64-fedora-gcc | 2.4 | 379.35 | OK | |||
r-devel-windows-x86_64 | 2.4 | 28.00 | 201.00 | 229.00 | OK | |
r-patched-linux-x86_64 | 2.4 | 26.95 | 269.14 | 296.09 | OK | |
r-release-linux-x86_64 | 2.4 | 21.15 | 271.81 | 292.96 | OK | |
r-release-macos-arm64 | 2.4 | 105.00 | OK | |||
r-release-macos-x86_64 | 2.4 | 163.00 | OK | |||
r-release-windows-x86_64 | 2.4 | 26.00 | 269.00 | 295.00 | OK | |
r-oldrel-macos-arm64 | 2.4 | 10.00 | ERROR | |||
r-oldrel-macos-x86_64 | 2.4 | 11.00 | ERROR | |||
r-oldrel-windows-x86_64 | 2.4 | 37.00 | 260.00 | 297.00 | OK |
Version: 2.4
Check: package dependencies
Result: ERROR
Package required but not available: ‘microbiome’
See section ‘The DESCRIPTION file’ in the ‘Writing R Extensions’
manual.
Flavors: r-oldrel-macos-arm64, r-oldrel-macos-x86_64