Last updated on 2025-04-30 07:55:24 CEST.
Flavor | Version | Tinstall | Tcheck | Ttotal | Status | Flags |
---|---|---|---|---|---|---|
r-devel-linux-x86_64-debian-clang | 1.0.3 | 13.62 | 42.10 | 55.72 | NOTE | |
r-devel-linux-x86_64-debian-gcc | 1.0.3 | 10.53 | 30.29 | 40.82 | OK | |
r-devel-linux-x86_64-fedora-clang | 1.0.3 | 94.12 | OK | |||
r-devel-linux-x86_64-fedora-gcc | 1.0.3 | 91.27 | OK | |||
r-devel-windows-x86_64 | 1.0.3 | 18.00 | 86.00 | 104.00 | OK | |
r-patched-linux-x86_64 | 1.0.3 | 15.11 | 40.78 | 55.89 | OK | |
r-release-linux-x86_64 | 1.0.3 | 15.25 | 40.93 | 56.18 | OK | |
r-release-macos-arm64 | 1.0.3 | 27.00 | OK | |||
r-release-macos-x86_64 | 1.0.3 | 54.00 | OK | |||
r-release-windows-x86_64 | 1.0.3 | 18.00 | 80.00 | 98.00 | OK | |
r-oldrel-macos-arm64 | 1.0.3 | 30.00 | OK | |||
r-oldrel-macos-x86_64 | 1.0.3 | 60.00 | OK | |||
r-oldrel-windows-x86_64 | 1.0.3 | 19.00 | 119.00 | 138.00 | OK |
Version: 1.0.3
Check: examples
Result: NOTE
Examples with CPU (user + system) or elapsed time > 5s
user system elapsed
gamma_bootstrapper_Ttest 6.436 0.022 7.246
kFWER_TMTI 5.675 0.004 6.414
Flavor: r-devel-linux-x86_64-debian-clang