Last updated on 2024-06-29 23:50:06 CEST.
Flavor | Version | Tinstall | Tcheck | Ttotal | Status | Flags |
---|---|---|---|---|---|---|
r-devel-linux-x86_64-debian-clang | 3.0.3 | 156.41 | 164.50 | 320.91 | OK | |
r-devel-linux-x86_64-debian-gcc | 3.0.3 | 93.30 | 126.95 | 220.25 | OK | |
r-devel-linux-x86_64-fedora-clang | 3.0.3 | 460.33 | NOTE | |||
r-devel-linux-x86_64-fedora-gcc | 3.0.3 | 466.71 | OK | |||
r-devel-windows-x86_64 | 3.0.3 | 114.00 | 320.00 | 434.00 | NOTE | |
r-patched-linux-x86_64 | 3.0.3 | 110.13 | 151.32 | 261.45 | OK | |
r-release-linux-x86_64 | 3.0.3 | 116.44 | 161.08 | 277.52 | OK | |
r-release-macos-arm64 | 3.0.3 | 178.00 | NOTE | |||
r-release-macos-x86_64 | 3.0.3 | 269.00 | NOTE | |||
r-release-windows-x86_64 | 3.0.3 | 112.00 | 471.00 | 583.00 | NOTE | |
r-oldrel-macos-arm64 | 3.0.3 | 184.00 | NOTE | |||
r-oldrel-macos-x86_64 | 3.0.3 | 331.00 | NOTE | |||
r-oldrel-windows-x86_64 | 3.0.3 | 139.00 | 394.00 | 533.00 | NOTE |
Version: 3.0.3
Check: installed package size
Result: NOTE
installed size is 8.2Mb
sub-directories of 1Mb or more:
doc 7.6Mb
Flavors: r-devel-linux-x86_64-fedora-clang, r-devel-windows-x86_64, r-release-macos-arm64, r-release-macos-x86_64, r-release-windows-x86_64, r-oldrel-macos-arm64, r-oldrel-macos-x86_64, r-oldrel-windows-x86_64
Version: 3.0.3
Check: package dependencies
Result: NOTE
Package suggested but not available for checking: ‘igraph’
Flavor: r-oldrel-macos-arm64