Last updated on 2024-07-01 00:49:57 CEST.
Flavor | Version | Tinstall | Tcheck | Ttotal | Status | Flags |
---|---|---|---|---|---|---|
r-devel-linux-x86_64-debian-clang | 0.1.2 | 114.76 | 154.62 | 269.38 | OK | |
r-devel-linux-x86_64-debian-gcc | 0.1.2 | 87.54 | 110.92 | 198.46 | OK | |
r-devel-linux-x86_64-fedora-clang | 0.1.2 | 369.06 | OK | |||
r-devel-linux-x86_64-fedora-gcc | 0.1.2 | 387.26 | OK | |||
r-devel-windows-x86_64 | 0.1.2 | 100.00 | 134.00 | 234.00 | NOTE | |
r-patched-linux-x86_64 | 0.1.2 | 96.07 | 142.77 | 238.84 | OK | |
r-release-linux-x86_64 | 0.1.2 | 110.37 | 145.29 | 255.66 | OK | |
r-release-macos-arm64 | 0.1.2 | 79.00 | NOTE | |||
r-release-macos-x86_64 | 0.1.2 | 117.00 | NOTE | |||
r-release-windows-x86_64 | 0.1.2 | 97.00 | 140.00 | 237.00 | NOTE | |
r-oldrel-macos-arm64 | 0.1.2 | 97.00 | NOTE | |||
r-oldrel-macos-x86_64 | 0.1.2 | 182.00 | NOTE | |||
r-oldrel-windows-x86_64 | 0.1.2 | 122.00 | 274.00 | 396.00 | NOTE |
Version: 0.1.2
Check: installed package size
Result: NOTE
installed size is 5.8Mb
sub-directories of 1Mb or more:
data 4.2Mb
libs 1.4Mb
Flavors: r-devel-windows-x86_64, r-release-macos-arm64, r-release-macos-x86_64, r-release-windows-x86_64, r-oldrel-macos-arm64, r-oldrel-macos-x86_64, r-oldrel-windows-x86_64