Last updated on 2025-04-29 13:51:42 CEST.
Flavor | Version | Tinstall | Tcheck | Ttotal | Status | Flags |
---|---|---|---|---|---|---|
r-devel-linux-x86_64-debian-clang | 0.1.2 | 157.83 | 173.87 | 331.70 | NOTE | |
r-devel-linux-x86_64-debian-gcc | 0.1.2 | 120.08 | 133.70 | 253.78 | NOTE | |
r-devel-linux-x86_64-fedora-clang | 0.1.2 | 616.27 | NOTE | |||
r-devel-linux-x86_64-fedora-gcc | 0.1.2 | 564.66 | NOTE | |||
r-devel-windows-x86_64 | 0.1.2 | 178.00 | 279.00 | 457.00 | NOTE | |
r-patched-linux-x86_64 | 0.1.2 | 149.78 | 164.55 | 314.33 | NOTE | |
r-release-linux-x86_64 | 0.1.2 | 158.64 | 162.91 | 321.55 | NOTE | |
r-release-macos-arm64 | 0.1.2 | 113.00 | NOTE | |||
r-release-macos-x86_64 | 0.1.2 | 180.00 | NOTE | |||
r-release-windows-x86_64 | 0.1.2 | 177.00 | 403.00 | 580.00 | NOTE | |
r-oldrel-macos-arm64 | 0.1.2 | 114.00 | NOTE | |||
r-oldrel-macos-x86_64 | 0.1.2 | 139.00 | NOTE | |||
r-oldrel-windows-x86_64 | 0.1.2 | 207.00 | 254.00 | 461.00 | NOTE |
Version: 0.1.2
Check: C++ specification
Result: NOTE
Specified C++11: please drop specification unless essential
Flavors: r-devel-linux-x86_64-debian-clang, r-devel-linux-x86_64-debian-gcc, r-devel-linux-x86_64-fedora-clang, r-devel-linux-x86_64-fedora-gcc, r-devel-windows-x86_64, r-patched-linux-x86_64, r-release-linux-x86_64, r-release-macos-arm64, r-release-macos-x86_64, r-release-windows-x86_64, r-oldrel-macos-arm64, r-oldrel-macos-x86_64, r-oldrel-windows-x86_64
Version: 0.1.2
Check: installed package size
Result: NOTE
installed size is 11.5Mb
sub-directories of 1Mb or more:
libs 11.0Mb
Flavors: r-oldrel-macos-arm64, r-oldrel-macos-x86_64