CRAN Package Check Results for Package T2EQ

Last updated on 2025-05-03 02:51:53 CEST.

Flavor Version Tinstall Tcheck Ttotal Status Flags
r-devel-linux-x86_64-debian-clang 1.1 1.40 18.56 19.96 NOTE
r-devel-linux-x86_64-debian-gcc 1.1 1.36 15.62 16.98 NOTE
r-devel-linux-x86_64-fedora-clang 1.1 31.43 OK
r-devel-linux-x86_64-fedora-gcc 1.1 30.51 OK
r-devel-windows-x86_64 1.1 2.00 38.00 40.00 OK
r-patched-linux-x86_64 1.1 1.69 18.38 20.07 OK
r-release-linux-x86_64 OK
r-release-macos-arm64 1.1 15.00 OK
r-release-macos-x86_64 1.1 22.00 OK
r-release-windows-x86_64 1.1 3.00 37.00 40.00 OK
r-oldrel-macos-arm64 1.1 14.00 OK
r-oldrel-macos-x86_64 1.1 20.00 OK
r-oldrel-windows-x86_64 1.1 2.00 37.00 39.00 OK

Check Details

Version: 1.1
Check: CRAN incoming feasibility
Result: NOTE Maintainer: ‘Thomas Hoffelder <thomas.hoffelder@boehringer-ingelheim.com>’ No Authors@R field in DESCRIPTION. Please add one, modifying Authors@R: person(given = "Thomas", family = "Hoffelder", role = c("aut", "cre"), email = "thomas.hoffelder@boehringer-ingelheim.com") as necessary. Found the following URLs which should use \doi (with the DOI name only): File ‘T2EQ-package.Rd’: http://dx.doi.org/10.1080/10543406.2014.920344 http://dx.doi.org/10.1177/009286159603000427 File ‘T2EQ.Rd’: http://dx.doi.org/10.1080/10543406.2014.920344 File ‘T2EQ.dissolution.profiles.hoffelder.Rd’: http://dx.doi.org/10.1177/009286159603000427 File ‘ex_data_JoBS.Rd’: http://dx.doi.org/10.1080/10543406.2014.920344 Flavors: r-devel-linux-x86_64-debian-clang, r-devel-linux-x86_64-debian-gcc