Last updated on 2025-11-01 20:49:50 CET.
Flavor | Version | Tinstall | Tcheck | Ttotal | Status | Flags |
---|---|---|---|---|---|---|
r-devel-linux-x86_64-debian-clang | 1.1.0 | 8.50 | 261.31 | 269.81 | NOTE | |
r-devel-linux-x86_64-debian-gcc | 1.1.0 | 5.94 | 149.51 | 155.45 | NOTE | |
r-devel-linux-x86_64-fedora-clang | 1.1.0 | 17.00 | 400.62 | 417.62 | OK | |
r-devel-linux-x86_64-fedora-gcc | 1.1.0 | 18.00 | 398.25 | 416.25 | OK | |
r-devel-windows-x86_64 | 1.1.0 | 11.00 | 254.00 | 265.00 | OK | |
r-patched-linux-x86_64 | 1.1.0 | 9.08 | 247.48 | 256.56 | OK | |
r-release-linux-x86_64 | 1.1.0 | 7.98 | 247.28 | 255.26 | OK | |
r-release-macos-arm64 | 1.1.0 | 4.00 | 91.00 | 95.00 | OK | |
r-release-macos-x86_64 | 1.1.0 | 7.00 | 205.00 | 212.00 | OK | |
r-release-windows-x86_64 | 1.1.0 | 13.00 | 221.00 | 234.00 | OK | |
r-oldrel-macos-arm64 | 1.1.0 | 5.00 | 95.00 | 100.00 | NOTE | |
r-oldrel-macos-x86_64 | 1.1.0 | 6.00 | 184.00 | 190.00 | NOTE | |
r-oldrel-windows-x86_64 | 1.1.0 | 15.00 | 311.00 | 326.00 | OK |
Version: 1.1.0
Check: CRAN incoming feasibility
Result: NOTE
Maintainer: ‘Melantha Wang <wang.melantha@gmail.com>’
The Description field contains
control" <arXiv:2008.05693>.
Please refer to arXiv e-prints via their arXiv DOI <doi:10.48550/arXiv.YYMM.NNNNN>.
Flavors: r-devel-linux-x86_64-debian-clang, r-devel-linux-x86_64-debian-gcc
Version: 1.1.0
Check: installed package size
Result: NOTE
installed size is 5.0Mb
sub-directories of 1Mb or more:
data 2.9Mb
doc 1.8Mb
Flavors: r-oldrel-macos-arm64, r-oldrel-macos-x86_64