Last updated on 2024-06-29 11:49:25 CEST.
Flavor | Version | Tinstall | Tcheck | Ttotal | Status | Flags |
---|---|---|---|---|---|---|
r-devel-linux-x86_64-debian-clang | 3.3.0 | 59.37 | 736.12 | 795.49 | OK | |
r-devel-linux-x86_64-debian-gcc | 3.3.0 | 46.75 | 508.89 | 555.64 | OK | |
r-devel-linux-x86_64-fedora-clang | 3.3.0 | 944.30 | NOTE | |||
r-devel-linux-x86_64-fedora-gcc | 3.3.0 | 896.79 | NOTE | |||
r-devel-windows-x86_64 | 3.3.0 | 48.00 | 572.00 | 620.00 | OK | |
r-patched-linux-x86_64 | 3.3.0 | 51.35 | 636.30 | 687.65 | OK | |
r-release-linux-x86_64 | 3.3.0 | 52.13 | 699.49 | 751.62 | OK | |
r-release-macos-arm64 | 3.3.0 | 125.00 | OK | |||
r-release-macos-x86_64 | 3.3.0 | 262.00 | OK | |||
r-release-windows-x86_64 | 3.3.0 | 50.00 | 503.00 | 553.00 | OK | |
r-oldrel-macos-arm64 | 3.3.0 | 138.00 | OK | |||
r-oldrel-macos-x86_64 | 3.3.0 | 278.00 | OK | |||
r-oldrel-windows-x86_64 | 3.3.0 | 64.00 | 652.00 | 716.00 | OK |
Version: 3.3.0
Check: package dependencies
Result: NOTE
Imports includes 22 non-default packages.
Importing from so many packages makes the package vulnerable to any of
them becoming unavailable. Move as many as possible to Suggests and
use conditionally.
Flavor: r-devel-linux-x86_64-fedora-clang
Version: 3.3.0
Check: dependencies in R code
Result: NOTE
Namespace in Imports field not imported from: ‘optimx’
All declared Imports should be used.
Flavors: r-devel-linux-x86_64-fedora-clang, r-devel-linux-x86_64-fedora-gcc