Last updated on 2024-08-24 16:49:13 CEST.
Flavor | Version | Tinstall | Tcheck | Ttotal | Status | Flags |
---|---|---|---|---|---|---|
r-devel-linux-x86_64-debian-clang | 1.0.5 | 45.66 | 35.34 | 81.00 | NOTE | |
r-devel-linux-x86_64-debian-gcc | 1.0.5 | 35.78 | 26.90 | 62.68 | NOTE | |
r-devel-linux-x86_64-fedora-clang | 1.0.5 | 132.47 | NOTE | |||
r-devel-linux-x86_64-fedora-gcc | 1.0.5 | 156.79 | NOTE | |||
r-devel-windows-x86_64 | 1.0.5 | 48.00 | 79.00 | 127.00 | NOTE | |
r-patched-linux-x86_64 | 1.0.5 | 48.52 | 34.31 | 82.83 | NOTE | |
r-release-linux-x86_64 | 1.0.5 | 49.12 | 33.90 | 83.02 | NOTE | |
r-release-macos-arm64 | 1.0.5 | 35.00 | NOTE | |||
r-release-macos-x86_64 | 1.0.5 | 57.00 | NOTE | |||
r-release-windows-x86_64 | 1.0.5 | 48.00 | 81.00 | 129.00 | NOTE | |
r-oldrel-macos-arm64 | 1.0.5 | 44.00 | NOTE | |||
r-oldrel-macos-x86_64 | 1.0.5 | 69.00 | NOTE | |||
r-oldrel-windows-x86_64 | 1.0.5 | 60.00 | 96.00 | 156.00 | NOTE |
Version: 1.0.5
Check: C++ specification
Result: NOTE
Specified C++11: please drop specification unless essential
Flavors: r-devel-linux-x86_64-debian-clang, r-devel-linux-x86_64-debian-gcc, r-devel-linux-x86_64-fedora-clang, r-devel-linux-x86_64-fedora-gcc, r-devel-windows-x86_64, r-patched-linux-x86_64, r-release-linux-x86_64, r-release-macos-arm64, r-release-macos-x86_64, r-release-windows-x86_64, r-oldrel-macos-arm64, r-oldrel-macos-x86_64, r-oldrel-windows-x86_64
Version: 1.0.5
Check: installed package size
Result: NOTE
installed size is 5.6Mb
sub-directories of 1Mb or more:
libs 5.3Mb
Flavors: r-release-macos-arm64, r-release-macos-x86_64, r-oldrel-macos-arm64, r-oldrel-macos-x86_64