Last updated on 2025-04-29 19:50:48 CEST.
Flavor | Version | Tinstall | Tcheck | Ttotal | Status | Flags |
---|---|---|---|---|---|---|
r-devel-linux-x86_64-debian-clang | 2.0.3 | 52.30 | 134.91 | 187.21 | OK | |
r-devel-linux-x86_64-debian-gcc | 2.0.3 | 39.26 | 130.55 | 169.81 | OK | |
r-devel-linux-x86_64-fedora-clang | 2.0.3 | 325.89 | OK | |||
r-devel-linux-x86_64-fedora-gcc | 2.0.3 | 398.90 | OK | |||
r-devel-windows-x86_64 | 2.0.3 | 68.00 | 199.00 | 267.00 | OK | |
r-patched-linux-x86_64 | 2.0.3 | 56.44 | 178.36 | 234.80 | OK | |
r-release-linux-x86_64 | 2.0.3 | 57.19 | 177.38 | 234.57 | OK | |
r-release-macos-arm64 | 2.0.3 | 184.00 | OK | |||
r-release-macos-x86_64 | 2.0.3 | 285.00 | OK | |||
r-release-windows-x86_64 | 2.0.3 | 69.00 | 207.00 | 276.00 | OK | |
r-oldrel-macos-arm64 | 2.0.3 | 163.00 | NOTE | |||
r-oldrel-macos-x86_64 | 2.0.3 | 200.00 | NOTE | |||
r-oldrel-windows-x86_64 | 2.0.3 | 77.00 | 255.00 | 332.00 | OK |
Version: 2.0.3
Check: installed package size
Result: NOTE
installed size is 7.9Mb
sub-directories of 1Mb or more:
libs 7.2Mb
Flavors: r-oldrel-macos-arm64, r-oldrel-macos-x86_64