Last updated on 2025-05-08 16:54:36 CEST.
Flavor | Version | Tinstall | Tcheck | Ttotal | Status | Flags |
---|---|---|---|---|---|---|
r-devel-linux-x86_64-debian-clang | 1.2.0 | 584.57 | 201.92 | 786.49 | OK | |
r-devel-linux-x86_64-debian-gcc | 1.2.0 | 509.49 | 182.49 | 691.98 | OK | |
r-devel-linux-x86_64-fedora-clang | 1.2.0 | 1186.68 | NOTE | |||
r-devel-linux-x86_64-fedora-gcc | 1.2.0 | 1759.07 | NOTE | |||
r-devel-windows-x86_64 | 1.2.0 | 640.00 | 261.00 | 901.00 | OK | |
r-patched-linux-x86_64 | 1.2.0 | 640.25 | 246.27 | 886.52 | OK | |
r-release-linux-x86_64 | 1.2.0 | 637.62 | 246.09 | 883.71 | OK | |
r-release-macos-arm64 | 1.2.0 | 309.00 | OK | |||
r-release-macos-x86_64 | 1.2.0 | 328.00 | OK | |||
r-release-windows-x86_64 | 1.2.0 | 641.00 | 389.00 | 1030.00 | OK | |
r-oldrel-macos-arm64 | 1.2.0 | 171.00 | NOTE | |||
r-oldrel-macos-x86_64 | 1.2.0 | 169.00 | NOTE | |||
r-oldrel-windows-x86_64 | 1.2.0 | 705.00 | 353.00 | 1058.00 | NOTE |
Version: 1.2.0
Check: dependencies in R code
Result: NOTE
Namespaces in Imports field not imported from:
‘RcppParallel’ ‘httr’ ‘latex2exp’ ‘rstantools’ ‘tibble’ ‘tidyverse’
‘utils’
All declared Imports should be used.
Flavors: r-devel-linux-x86_64-fedora-clang, r-devel-linux-x86_64-fedora-gcc
Version: 1.2.0
Check: installed package size
Result: NOTE
installed size is 100.9Mb
sub-directories of 1Mb or more:
libs 100.1Mb
Flavors: r-oldrel-macos-arm64, r-oldrel-macos-x86_64, r-oldrel-windows-x86_64
Version: 1.2.0
Check: for GNU extensions in Makefiles
Result: NOTE
GNU make is a SystemRequirements.
Flavors: r-oldrel-macos-arm64, r-oldrel-macos-x86_64, r-oldrel-windows-x86_64