Last updated on 2025-10-31 20:48:53 CET.
| Flavor | Version | Tinstall | Tcheck | Ttotal | Status | Flags | 
|---|---|---|---|---|---|---|
| r-devel-linux-x86_64-debian-clang | 0.1.0 | 1.89 | 27.23 | 29.12 | NOTE | |
| r-devel-linux-x86_64-debian-gcc | 0.1.0 | 1.33 | 22.05 | 23.38 | NOTE | |
| r-devel-linux-x86_64-fedora-clang | 0.1.0 | 44.44 | NOTE | |||
| r-devel-linux-x86_64-fedora-gcc | 0.1.0 | 59.66 | NOTE | |||
| r-devel-windows-x86_64 | 0.1.0 | 3.00 | 44.00 | 47.00 | OK | |
| r-patched-linux-x86_64 | 0.1.0 | 1.77 | 26.05 | 27.82 | OK | |
| r-release-linux-x86_64 | 0.1.0 | 2.06 | 26.26 | 28.32 | OK | |
| r-release-macos-arm64 | 0.1.0 | 2.00 | 35.00 | 37.00 | OK | |
| r-release-macos-x86_64 | 0.1.0 | 2.00 | 43.00 | 45.00 | OK | |
| r-release-windows-x86_64 | 0.1.0 | 3.00 | 46.00 | 49.00 | OK | |
| r-oldrel-macos-arm64 | 0.1.0 | 1.00 | 25.00 | 26.00 | OK | |
| r-oldrel-macos-x86_64 | 0.1.0 | 2.00 | 36.00 | 38.00 | OK | |
| r-oldrel-windows-x86_64 | 0.1.0 | 4.00 | 53.00 | 57.00 | OK | 
Version: 0.1.0
Check: CRAN incoming feasibility
Result: NOTE
  Maintainer: ‘Nobin Chandra Paul<ncp375@gmail.com>’
  
  No Authors@R field in DESCRIPTION.
  Please add one, modifying
    Authors@R: person(given = c("Nobin", "Chandra"),
                      family = "Paul",
                      role = c("aut", "cre"),
                      email = "ncp375@gmail.com")
  as necessary.
Flavors: r-devel-linux-x86_64-debian-clang, r-devel-linux-x86_64-debian-gcc
Version: 0.1.0
Check: dependencies in R code
Result: NOTE
  Namespace in Imports field not imported from: ‘MASS’
    All declared Imports should be used.
Flavors: r-devel-linux-x86_64-fedora-clang, r-devel-linux-x86_64-fedora-gcc