CRAN Package Check Results for Package SpNMF

Last updated on 2025-05-01 14:49:23 CEST.

Flavor Version Tinstall Tcheck Ttotal Status Flags
r-devel-linux-x86_64-debian-clang 0.1.1 2.36 32.11 34.47 NOTE
r-devel-linux-x86_64-debian-gcc 0.1.1 1.75 24.64 26.39 OK
r-devel-linux-x86_64-fedora-clang 0.1.1 52.83 OK
r-devel-linux-x86_64-fedora-gcc 0.1.1 55.43 OK
r-devel-windows-x86_64 0.1.1 4.00 52.00 56.00 OK
r-patched-linux-x86_64 0.1.1 2.30 30.48 32.78 OK
r-release-linux-x86_64 OK
r-release-macos-arm64 0.1.1 21.00 OK
r-release-macos-x86_64 0.1.1 39.00 OK
r-release-windows-x86_64 0.1.1 4.00 53.00 57.00 OK
r-oldrel-macos-arm64 0.1.1 21.00 OK
r-oldrel-macos-x86_64 0.1.1 43.00 OK
r-oldrel-windows-x86_64 0.1.1 4.00 58.00 62.00 OK

Check Details

Version: 0.1.1
Check: examples
Result: NOTE Examples with CPU (user + system) or elapsed time > 5s user system elapsed chty 6.907 0.234 9.05 Flavor: r-devel-linux-x86_64-debian-clang

Version: 0.1.1
Check: examples
Result: NA user system elapsed chty 4.39 0.239 5.875 OK Flavor: r-devel-linux-x86_64-debian-gcc