Last updated on 2024-07-22 20:55:54 CEST.
Flavor | Version | Tinstall | Tcheck | Ttotal | Status | Flags |
---|---|---|---|---|---|---|
r-devel-linux-x86_64-debian-clang | 1.1.1 | 8.72 | 78.37 | 87.09 | OK | |
r-devel-linux-x86_64-debian-gcc | 1.1.1 | 7.72 | 58.79 | 66.51 | NOTE | |
r-devel-linux-x86_64-fedora-clang | 1.1.1 | 115.25 | OK | |||
r-devel-linux-x86_64-fedora-gcc | 1.1.1 | 102.92 | OK | |||
r-devel-windows-x86_64 | 1.1.1 | 9.00 | 73.00 | 82.00 | NOTE | |
r-patched-linux-x86_64 | 1.1.1 | 14.00 | 73.09 | 87.09 | OK | |
r-release-linux-x86_64 | 1.1.1 | 9.03 | 73.94 | 82.97 | OK | |
r-release-macos-arm64 | 1.1.1 | 33.00 | OK | |||
r-release-macos-x86_64 | 1.1.1 | 49.00 | OK | |||
r-release-windows-x86_64 | 1.1.1 | 9.00 | 70.00 | 79.00 | OK | |
r-oldrel-macos-arm64 | 1.1.1 | 41.00 | OK | |||
r-oldrel-macos-x86_64 | 1.1.1 | 83.00 | OK | |||
r-oldrel-windows-x86_64 | 1.1.1 | 11.00 | 86.00 | 97.00 | OK |
Version: 1.1.1
Check: Rd cross-references
Result: NOTE
Found the following Rd file(s) with Rd \link{} targets missing package
anchors:
sizeestima.Rd: rtnorm, rinvgamma, dtnorm
Please provide package anchors for all Rd \link{} targets not in the
package itself and the base packages.
Flavors: r-devel-linux-x86_64-debian-gcc, r-devel-windows-x86_64