CRAN Package Check Results for Package SimilarityMeasures

Last updated on 2025-05-02 02:51:07 CEST.

Flavor Version Tinstall Tcheck Ttotal Status Flags
r-devel-linux-x86_64-debian-clang 1.4 2.59 21.94 24.53 NOTE
r-devel-linux-x86_64-debian-gcc 1.4 1.97 16.76 18.73 NOTE
r-devel-linux-x86_64-fedora-clang 1.4 39.07 OK
r-devel-linux-x86_64-fedora-gcc 1.4 38.01 OK
r-devel-windows-x86_64 1.4 3.00 41.00 44.00 OK
r-patched-linux-x86_64 1.4 2.62 21.61 24.23 OK
r-release-linux-x86_64 OK
r-release-macos-arm64 1.4 17.00 OK
r-release-macos-x86_64 1.4 27.00 OK
r-release-windows-x86_64 1.4 3.00 42.00 45.00 OK
r-oldrel-macos-arm64 1.4 15.00 OK
r-oldrel-macos-x86_64 1.4 24.00 OK
r-oldrel-windows-x86_64 1.4 4.00 41.00 45.00 OK

Check Details

Version: 1.4
Check: CRAN incoming feasibility
Result: NOTE Maintainer: ‘Kevin Toohey <kevintoohey@live.com>’ No Authors@R field in DESCRIPTION. Please add one, modifying Authors@R: person(given = "Kevin", family = "Toohey", role = c("aut", "cre"), email = "kevintoohey@live.com") as necessary. Flavors: r-devel-linux-x86_64-debian-clang, r-devel-linux-x86_64-debian-gcc