CRAN Package Check Results for Package SimTOST

Last updated on 2025-04-30 07:55:22 CEST.

Flavor Version Tinstall Tcheck Ttotal Status Flags
r-devel-linux-x86_64-debian-clang 1.0.2 32.61 263.27 295.88 OK
r-devel-linux-x86_64-debian-gcc 1.0.2 24.01 142.79 166.80 OK
r-devel-linux-x86_64-fedora-clang 1.0.2 472.18 OK
r-devel-linux-x86_64-fedora-gcc 1.0.2 470.51 OK
r-devel-windows-x86_64 1.0.2 38.00 250.00 288.00 OK
r-patched-linux-x86_64 1.0.2 35.44 236.22 271.66 OK
r-release-linux-x86_64 1.0.2 33.51 234.83 268.34 OK
r-release-macos-arm64 1.0.2 117.00 OK
r-release-macos-x86_64 1.0.2 256.00 OK
r-release-windows-x86_64 1.0.2 38.00 245.00 283.00 OK
r-oldrel-macos-arm64 1.0.2 109.00 NOTE
r-oldrel-macos-x86_64 1.0.2 301.00 NOTE
r-oldrel-windows-x86_64 1.0.2 44.00 348.00 392.00 OK

Check Details

Version: 1.0.2
Check: installed package size
Result: NOTE installed size is 5.7Mb sub-directories of 1Mb or more: libs 4.9Mb Flavors: r-oldrel-macos-arm64, r-oldrel-macos-x86_64