Last updated on 2025-02-22 08:51:04 CET.
Flavor | Version | Tinstall | Tcheck | Ttotal | Status | Flags |
---|---|---|---|---|---|---|
r-devel-linux-x86_64-debian-clang | 3.4 | 22.12 | 94.04 | 116.16 | OK | |
r-devel-linux-x86_64-debian-gcc | 3.4 | 0.29 | 1.52 | 1.81 | ERROR | |
r-devel-linux-x86_64-fedora-clang | 3.4 | 217.61 | OK | |||
r-devel-linux-x86_64-fedora-gcc | 3.4 | 208.70 | OK | |||
r-devel-macos-arm64 | 3.4 | 61.00 | OK | |||
r-devel-macos-x86_64 | 3.4 | 121.00 | OK | |||
r-devel-windows-x86_64 | 3.4 | 29.00 | 118.00 | 147.00 | OK | |
r-patched-linux-x86_64 | 3.4 | 25.15 | 77.92 | 103.07 | OK | |
r-release-linux-x86_64 | 3.4 | 22.80 | 77.10 | 99.90 | OK | |
r-release-macos-arm64 | 3.4 | 59.00 | OK | |||
r-release-macos-x86_64 | 3.4 | 82.00 | OK | |||
r-release-windows-x86_64 | 3.4 | 29.00 | 114.00 | 143.00 | OK | |
r-oldrel-macos-arm64 | 3.4 | 64.00 | OK | |||
r-oldrel-macos-x86_64 | 3.4 | 120.00 | OK | |||
r-oldrel-windows-x86_64 | 3.4 | 34.00 | 137.00 | 171.00 | OK |
Version: 3.4
Check: package dependencies
Result: ERROR
Package required but not available: ‘ontologyPlot’
See section ‘The DESCRIPTION file’ in the ‘Writing R Extensions’
manual.
Flavor: r-devel-linux-x86_64-debian-gcc