Last updated on 2024-06-18 01:50:25 CEST.
Flavor | Version | Tinstall | Tcheck | Ttotal | Status | Flags |
---|---|---|---|---|---|---|
r-devel-linux-x86_64-debian-clang | 0.3.12 | 89.39 | 44.38 | 133.77 | NOTE | |
r-devel-linux-x86_64-debian-gcc | 0.3.12 | 56.33 | 37.12 | 93.45 | NOTE | |
r-devel-linux-x86_64-fedora-clang | 0.3.12 | 191.31 | NOTE | |||
r-devel-linux-x86_64-fedora-gcc | 0.3.12 | 211.71 | NOTE | |||
r-devel-windows-x86_64 | 0.3.12 | 63.00 | 76.00 | 139.00 | NOTE | |
r-patched-linux-x86_64 | 0.3.12 | 68.55 | 42.16 | 110.71 | NOTE | |
r-release-linux-x86_64 | 0.3.12 | 78.37 | 41.44 | 119.81 | NOTE | |
r-release-macos-arm64 | 0.3.12 | 47.00 | NOTE | |||
r-release-macos-x86_64 | 0.3.12 | 74.00 | NOTE | |||
r-release-windows-x86_64 | 0.3.12 | 60.00 | 80.00 | 140.00 | NOTE | |
r-oldrel-macos-arm64 | 0.3.12 | 62.00 | NOTE | |||
r-oldrel-macos-x86_64 | 0.3.12 | 128.00 | NOTE | |||
r-oldrel-windows-x86_64 | 0.3.12 | 75.00 | 87.00 | 162.00 | NOTE |
Version: 0.3.12
Check: for GNU extensions in Makefiles
Result: NOTE
GNU make is a SystemRequirements.
Flavors: r-devel-linux-x86_64-debian-clang, r-devel-linux-x86_64-debian-gcc, r-devel-linux-x86_64-fedora-clang, r-devel-linux-x86_64-fedora-gcc, r-devel-windows-x86_64, r-patched-linux-x86_64, r-release-linux-x86_64, r-release-macos-arm64, r-release-macos-x86_64, r-release-windows-x86_64, r-oldrel-macos-arm64, r-oldrel-macos-x86_64, r-oldrel-windows-x86_64
Version: 0.3.12
Check: installed package size
Result: NOTE
installed size is 5.8Mb
sub-directories of 1Mb or more:
libs 5.5Mb
Flavors: r-release-macos-arm64, r-release-macos-x86_64, r-oldrel-macos-arm64, r-oldrel-macos-x86_64