Last updated on 2025-11-22 15:49:52 CET.
| Flavor | Version | Tinstall | Tcheck | Ttotal | Status | Flags |
|---|---|---|---|---|---|---|
| r-devel-linux-x86_64-debian-clang | 4.9 | 22.85 | 224.61 | 247.46 | WARN | |
| r-devel-linux-x86_64-debian-gcc | 4.9 | 15.46 | 144.48 | 159.94 | WARN | |
| r-devel-linux-x86_64-fedora-clang | 4.9 | 72.00 | 325.16 | 397.16 | WARN | |
| r-devel-windows-x86_64 | 4.9 | 32.00 | 246.00 | 278.00 | WARN | |
| r-patched-linux-x86_64 | 4.9 | 25.12 | 217.88 | 243.00 | NOTE | |
| r-release-linux-x86_64 | 4.9 | 21.32 | 218.82 | 240.14 | NOTE | |
| r-release-macos-arm64 | 4.9 | NOTE | ||||
| r-release-macos-x86_64 | 4.9 | 25.00 | 220.00 | 245.00 | NOTE | |
| r-release-windows-x86_64 | 4.9 | 25.00 | 242.00 | 267.00 | NOTE | |
| r-oldrel-macos-arm64 | 4.9 | OK | ||||
| r-oldrel-macos-x86_64 | 4.9 | 16.00 | 192.00 | 208.00 | OK | |
| r-oldrel-windows-x86_64 | 4.9 | 25.00 | 323.00 | 348.00 | OK |
Version: 4.9
Check: compiled code
Result: WARN
File ‘Sim.DiffProc/libs/Sim.DiffProc.so’:
Found non-API call to R: ‘SET_TYPEOF’
This entry point may be removed soon.
Compiled code should not call non-API entry points in R.
See ‘Writing portable packages’ in the ‘Writing R Extensions’ manual,
and section ‘Moving into C API compliance’ for issues with the use of
non-API entry points.
Flavors: r-devel-linux-x86_64-debian-clang, r-devel-linux-x86_64-debian-gcc, r-devel-linux-x86_64-fedora-clang
Version: 4.9
Check: compiled code
Result: WARN
File 'Sim.DiffProc/libs/x64/Sim.DiffProc.dll':
Found non-API call to R: 'SET_TYPEOF'
This entry point may be removed soon.
Compiled code should not call non-API entry points in R.
See 'Writing portable packages' in the 'Writing R Extensions' manual,
and section 'Moving into C API compliance' for issues with the use of
non-API entry points.
Flavor: r-devel-windows-x86_64
Version: 4.9
Check: compiled code
Result: NOTE
File ‘Sim.DiffProc/libs/Sim.DiffProc.so’:
Found non-API call to R: ‘SET_TYPEOF’
Compiled code should not call non-API entry points in R.
See ‘Writing portable packages’ in the ‘Writing R Extensions’ manual,
and section ‘Moving into C API compliance’ for issues with the use of
non-API entry points.
Flavors: r-patched-linux-x86_64, r-release-linux-x86_64, r-release-macos-arm64, r-release-macos-x86_64
Version: 4.9
Check: compiled code
Result: NOTE
File 'Sim.DiffProc/libs/x64/Sim.DiffProc.dll':
Found non-API call to R: 'SET_TYPEOF'
Compiled code should not call non-API entry points in R.
See 'Writing portable packages' in the 'Writing R Extensions' manual,
and section 'Moving into C API compliance' for issues with the use of
non-API entry points.
Flavor: r-release-windows-x86_64