Last updated on 2024-06-29 11:49:24 CEST.
Flavor | Version | Tinstall | Tcheck | Ttotal | Status | Flags |
---|---|---|---|---|---|---|
r-devel-linux-x86_64-debian-clang | 1.13.0 | 94.02 | 430.19 | 524.21 | OK | |
r-devel-linux-x86_64-debian-gcc | 1.13.0 | 65.86 | 313.18 | 379.04 | OK | |
r-devel-linux-x86_64-fedora-clang | 1.13.0 | 682.05 | NOTE | |||
r-devel-linux-x86_64-fedora-gcc | 1.13.0 | 667.37 | OK | |||
r-devel-windows-x86_64 | 1.13.0 | 82.00 | 327.00 | 409.00 | OK | |
r-patched-linux-x86_64 | 1.13.0 | 92.43 | 403.93 | 496.36 | OK | |
r-release-linux-x86_64 | 1.13.0 | 62.10 | 405.68 | 467.78 | OK | |
r-release-macos-arm64 | 1.13.0 | 158.00 | NOTE | |||
r-release-macos-x86_64 | 1.13.0 | 245.00 | NOTE | |||
r-release-windows-x86_64 | 1.13.0 | 81.00 | 332.00 | 413.00 | OK | |
r-oldrel-macos-arm64 | 1.13.0 | 179.00 | NOTE | |||
r-oldrel-macos-x86_64 | 1.13.0 | 423.00 | NOTE | |||
r-oldrel-windows-x86_64 | 1.13.0 | 103.00 | 561.00 | 664.00 | OK |
Version: 1.13.0
Check: package dependencies
Result: NOTE
Imports includes 26 non-default packages.
Importing from so many packages makes the package vulnerable to any of
them becoming unavailable. Move as many as possible to Suggests and
use conditionally.
Flavor: r-devel-linux-x86_64-fedora-clang
Version: 1.13.0
Check: installed package size
Result: NOTE
installed size is 5.1Mb
sub-directories of 1Mb or more:
R 2.1Mb
libs 1.9Mb
Flavors: r-release-macos-arm64, r-release-macos-x86_64, r-oldrel-macos-x86_64
Version: 1.13.0
Check: package dependencies
Result: NOTE
Packages suggested but not available for checking:
'chromVAR', 'TFBSTools', 'motifmatchr'
Flavors: r-oldrel-macos-arm64, r-oldrel-macos-x86_64
Version: 1.13.0
Check: Rd cross-references
Result: NOTE
Packages unavailable to check Rd xrefs: ‘motifmatchr’, ‘TFBSTools’, ‘chromVAR’
Flavors: r-oldrel-macos-arm64, r-oldrel-macos-x86_64