Last updated on 2025-05-06 21:52:23 CEST.
Flavor | Version | Tinstall | Tcheck | Ttotal | Status | Flags |
---|---|---|---|---|---|---|
r-devel-linux-x86_64-debian-clang | 1.0.0 | 5.26 | 18.75 | 24.01 | NOTE | |
r-devel-linux-x86_64-debian-gcc | 1.0.0 | 4.04 | 15.90 | 19.94 | NOTE | |
r-devel-linux-x86_64-fedora-clang | 1.0.0 | 36.59 | OK | |||
r-devel-linux-x86_64-fedora-gcc | 1.0.0 | 38.67 | OK | |||
r-devel-windows-x86_64 | 1.0.0 | 9.00 | 37.00 | 46.00 | OK | |
r-patched-linux-x86_64 | 1.0.0 | 5.30 | 18.01 | 23.31 | OK | |
r-release-linux-x86_64 | 1.0.0 | 5.02 | 17.84 | 22.86 | OK | |
r-release-macos-arm64 | 1.0.0 | 15.00 | OK | |||
r-release-macos-x86_64 | 1.0.0 | 24.00 | OK | |||
r-release-windows-x86_64 | 1.0.0 | 10.00 | 39.00 | 49.00 | OK | |
r-oldrel-macos-arm64 | 1.0.0 | 15.00 | NOTE | |||
r-oldrel-macos-x86_64 | 1.0.0 | 20.00 | NOTE | |||
r-oldrel-windows-x86_64 | 1.0.0 | 9.00 | 38.00 | 47.00 | NOTE |
Version: 1.0.0
Check: CRAN incoming feasibility
Result: NOTE
Maintainer: ‘Andrew Lee <andrewl@maths.usyd.edu.au>’
The Description field contains
Peres, Lee and Keich (2020) <arXiv:2004.07429> where it is also shown
Please refer to arXiv e-prints via their arXiv DOI <doi:10.48550/arXiv.YYMM.NNNNN>.
Flavors: r-devel-linux-x86_64-debian-clang, r-devel-linux-x86_64-debian-gcc
Version: 1.0.0
Check: LazyData
Result: NOTE
'LazyData' is specified without a 'data' directory
Flavors: r-oldrel-macos-arm64, r-oldrel-macos-x86_64, r-oldrel-windows-x86_64