CRAN Package Check Results for Package SeqExpMatch

Last updated on 2025-04-30 01:50:36 CEST.

Flavor Version Tinstall Tcheck Ttotal Status Flags
r-devel-linux-x86_64-debian-clang 0.1.0 3.63 22.44 26.07 NOTE
r-devel-linux-x86_64-debian-gcc 0.1.0 2.90 17.19 20.09 NOTE
r-devel-linux-x86_64-fedora-clang 0.1.0 40.92 NOTE
r-devel-linux-x86_64-fedora-gcc 0.1.0 39.52 NOTE
r-devel-windows-x86_64 0.1.0 5.00 44.00 49.00 NOTE
r-patched-linux-x86_64 0.1.0 4.18 21.73 25.91 NOTE
r-release-linux-x86_64 0.1.0 3.51 21.38 24.89 NOTE
r-release-macos-arm64 0.1.0 19.00 NOTE
r-release-macos-x86_64 0.1.0 30.00 NOTE
r-release-windows-x86_64 0.1.0 5.00 47.00 52.00 NOTE
r-oldrel-macos-arm64 0.1.0 18.00 NOTE
r-oldrel-macos-x86_64 0.1.0 25.00 NOTE
r-oldrel-windows-x86_64 0.1.0 7.00 46.00 53.00 NOTE

Check Details

Version: 0.1.0
Check: CRAN incoming feasibility
Result: NOTE Maintainer: ‘Adam Kapelner <kapelner@qc.cuny.edu>’ The Description field contains <arXiv:2010.05980>. Please refer to arXiv e-prints via their arXiv DOI <doi:10.48550/arXiv.YYMM.NNNNN>. Flavors: r-devel-linux-x86_64-debian-clang, r-devel-linux-x86_64-debian-gcc

Version: 0.1.0
Check: Rd files
Result: NOTE checkRd: (-1) SeqDesignInference.Rd:319: Lost braces; missing escapes or markup? 319 | (a) difference in means estimator i.e. [ybar_T - ybar_C +/- t_{alpha/2, n_T + n_C - 2} s_{ybar_T - ybar_C}] or | ^ checkRd: (-1) SeqDesignInference.Rd:319: Lost braces; missing escapes or markup? 319 | (a) difference in means estimator i.e. [ybar_T - ybar_C +/- t_{alpha/2, n_T + n_C - 2} s_{ybar_T - ybar_C}] or | ^ checkRd: (-1) SeqDesignInference.Rd:320: Lost braces; missing escapes or markup? 320 | (b) the OLS estimator i.e. [beta_hat_T +/- t_{alpha/2, n + p - 2} s_{beta_hat_T}] | ^ checkRd: (-1) SeqDesignInference.Rd:320: Lost braces; missing escapes or markup? 320 | (b) the OLS estimator i.e. [beta_hat_T +/- t_{alpha/2, n + p - 2} s_{beta_hat_T}] | ^ Flavors: r-devel-linux-x86_64-debian-clang, r-devel-linux-x86_64-debian-gcc, r-devel-linux-x86_64-fedora-clang, r-devel-linux-x86_64-fedora-gcc, r-devel-windows-x86_64, r-patched-linux-x86_64, r-release-linux-x86_64, r-release-macos-arm64, r-release-macos-x86_64, r-release-windows-x86_64, r-oldrel-macos-arm64, r-oldrel-macos-x86_64, r-oldrel-windows-x86_64