Last updated on 2025-10-31 14:49:53 CET.
| Flavor | Version | Tinstall | Tcheck | Ttotal | Status | Flags | 
|---|---|---|---|---|---|---|
| r-devel-linux-x86_64-debian-clang | 3.4 | 54.85 | 121.26 | 176.11 | NOTE | |
| r-devel-linux-x86_64-debian-gcc | 3.4 | 47.09 | 84.04 | 131.13 | NOTE | |
| r-devel-linux-x86_64-fedora-clang | 3.4 | 111.00 | 168.33 | 279.33 | OK | |
| r-devel-linux-x86_64-fedora-gcc | 3.4 | 160.00 | 164.11 | 324.11 | OK | |
| r-devel-windows-x86_64 | 3.4 | 83.00 | 141.00 | 224.00 | OK | |
| r-patched-linux-x86_64 | 3.4 | 68.89 | 114.73 | 183.62 | OK | |
| r-release-linux-x86_64 | 3.4 | 71.25 | 113.04 | 184.29 | OK | |
| r-release-macos-arm64 | 3.4 | 24.00 | 69.00 | 93.00 | WARN | |
| r-release-macos-x86_64 | 3.4 | 31.00 | 106.00 | 137.00 | OK | |
| r-release-windows-x86_64 | 3.4 | 90.00 | 147.00 | 237.00 | OK | |
| r-oldrel-macos-arm64 | 3.4 | 25.00 | 64.00 | 89.00 | WARN | |
| r-oldrel-macos-x86_64 | 3.4 | 25.00 | 83.00 | 108.00 | NOTE | |
| r-oldrel-windows-x86_64 | 3.4 | 104.00 | 180.00 | 284.00 | OK | 
Version: 3.4
Check: CRAN incoming feasibility
Result: NOTE
  Maintainer: ‘Kyu Ha Lee <klee15239@gmail.com>’
  
  No Authors@R field in DESCRIPTION.
  Please add one, modifying
    Authors@R: c(person(given = c("Kyu", "Ha"),
                        family = "Lee",
                        role = c("aut", "cre"),
                        email = "klee15239@gmail.com"),
                 person(given = "Catherine",
                        family = "Lee",
                        role = "aut"),
                 person(given = "Danilo",
                        family = "Alvares",
                        role = "aut"),
                 person(given = "Sebastien",
                        family = "Haneuse",
                        role = "aut"))
  as necessary.
Flavors: r-devel-linux-x86_64-debian-clang, r-devel-linux-x86_64-debian-gcc
Version: 3.4
Check: re-building of vignette outputs
Result: WARN
  Error(s) in re-building vignettes:
  --- re-building ‘SemiCompRisks.ltx’ using tex
  Error: processing vignette 'SemiCompRisks.ltx' failed with diagnostics:
  Running 'texi2dvi' on 'SemiCompRisks.ltx' failed.
  LaTeX errors:
  !pdfTeX error: pdflatex (file bbm8): Font bbm8 at 600 not found
   ==> Fatal error occurred, no output PDF file produced!
  --- failed re-building ‘SemiCompRisks.ltx’
  
  SUMMARY: processing the following file failed:
    ‘SemiCompRisks.ltx’
  
  Error: Vignette re-building failed.
  Execution halted
Flavors: r-release-macos-arm64, r-oldrel-macos-arm64
Version: 3.4
Check: installed package size
Result: NOTE
    installed size is  6.8Mb
    sub-directories of 1Mb or more:
      libs   5.8Mb
Flavors: r-oldrel-macos-arm64, r-oldrel-macos-x86_64