Last updated on 2024-06-29 23:50:04 CEST.
Flavor | Version | Tinstall | Tcheck | Ttotal | Status | Flags |
---|---|---|---|---|---|---|
r-devel-linux-x86_64-debian-clang | 1.0.2 | 2.80 | 36.49 | 39.29 | OK | |
r-devel-linux-x86_64-debian-gcc | 1.0.2 | 2.24 | 28.68 | 30.92 | OK | |
r-devel-linux-x86_64-fedora-clang | 1.0.2 | 49.97 | OK | |||
r-devel-linux-x86_64-fedora-gcc | 1.0.2 | 46.66 | OK | |||
r-devel-windows-x86_64 | 1.0.2 | 3.00 | 54.00 | 57.00 | OK | |
r-patched-linux-x86_64 | 1.0.2 | 2.89 | 35.68 | 38.57 | OK | |
r-release-linux-x86_64 | 1.0.2 | 3.08 | 36.20 | 39.28 | OK | |
r-release-macos-arm64 | 1.0.2 | 20.00 | OK | |||
r-release-macos-x86_64 | 1.0.2 | 27.00 | OK | |||
r-release-windows-x86_64 | 1.0.2 | 3.00 | 56.00 | 59.00 | OK | |
r-oldrel-macos-arm64 | 1.0.2 | 20.00 | OK | |||
r-oldrel-macos-x86_64 | 1.0.2 | 29.00 | NOTE | |||
r-oldrel-windows-x86_64 | 1.0.2 | 5.00 | 56.00 | 61.00 | OK |
Version: 1.0.2
Check: package dependencies
Result: NOTE
Package suggested but not available for checking: ‘Ecdat’
Flavor: r-oldrel-macos-x86_64