Last updated on 2024-06-29 23:50:05 CEST.
Flavor | Version | Tinstall | Tcheck | Ttotal | Status | Flags |
---|---|---|---|---|---|---|
r-devel-linux-x86_64-debian-clang | 1.0.0 | 10.17 | 161.64 | 171.81 | NOTE | |
r-devel-linux-x86_64-debian-gcc | 1.0.0 | 8.82 | 116.81 | 125.63 | NOTE | |
r-devel-linux-x86_64-fedora-clang | 1.0.0 | 211.43 | NOTE | |||
r-devel-linux-x86_64-fedora-gcc | 1.0.0 | 228.45 | NOTE | |||
r-devel-windows-x86_64 | 1.0.0 | 11.00 | 136.00 | 147.00 | NOTE | |
r-patched-linux-x86_64 | 1.0.0 | 10.30 | 150.97 | 161.27 | NOTE | |
r-release-linux-x86_64 | 1.0.0 | 7.16 | 156.59 | 163.75 | NOTE | |
r-release-macos-arm64 | 1.0.0 | 65.00 | NOTE | |||
r-release-macos-x86_64 | 1.0.0 | 95.00 | NOTE | |||
r-release-windows-x86_64 | 1.0.0 | 11.00 | 141.00 | 152.00 | NOTE | |
r-oldrel-macos-arm64 | 1.0.0 | 74.00 | NOTE | |||
r-oldrel-macos-x86_64 | 1.0.0 | 109.00 | NOTE | |||
r-oldrel-windows-x86_64 | 1.0.0 | 14.00 | 163.00 | 177.00 | NOTE |
Version: 1.0.0
Check: package subdirectories
Result: NOTE
Problems with news in ‘NEWS.md’:
Cannot extract version info from the following section titles:
Additional functions and data sets
Amendments to functions
Flavors: r-devel-linux-x86_64-debian-clang, r-devel-linux-x86_64-debian-gcc, r-devel-linux-x86_64-fedora-clang, r-devel-linux-x86_64-fedora-gcc, r-devel-windows-x86_64, r-patched-linux-x86_64, r-release-linux-x86_64, r-release-macos-arm64, r-release-macos-x86_64, r-release-windows-x86_64, r-oldrel-macos-arm64, r-oldrel-macos-x86_64, r-oldrel-windows-x86_64