CRAN Package Check Results for Package STMr

Last updated on 2025-04-30 07:55:23 CEST.

Flavor Version Tinstall Tcheck Ttotal Status Flags
r-devel-linux-x86_64-debian-clang 0.1.6 3.23 83.08 86.31 NOTE
r-devel-linux-x86_64-debian-gcc 0.1.6 2.65 54.99 57.64 NOTE
r-devel-linux-x86_64-fedora-clang 0.1.6 127.69 OK
r-devel-linux-x86_64-fedora-gcc 0.1.6 121.74 OK
r-devel-windows-x86_64 0.1.6 6.00 97.00 103.00 OK
r-patched-linux-x86_64 0.1.6 4.04 76.97 81.01 OK
r-release-linux-x86_64 0.1.6 3.97 76.20 80.17 OK
r-release-macos-arm64 0.1.6 36.00 OK
r-release-macos-x86_64 0.1.6 80.00 OK
r-release-windows-x86_64 0.1.6 5.00 97.00 102.00 OK
r-oldrel-macos-arm64 0.1.6 38.00 OK
r-oldrel-macos-x86_64 0.1.6 59.00 OK
r-oldrel-windows-x86_64 0.1.6 7.00 122.00 129.00 OK

Check Details

Version: 0.1.6
Check: examples
Result: NOTE Examples with CPU (user + system) or elapsed time > 5s user system elapsed set_and_reps_schemes 7.723 0.062 8.857 vertical_planning_functions 5.126 0.008 5.721 progression_table 4.122 0.046 5.117 Flavor: r-devel-linux-x86_64-debian-clang

Version: 0.1.6
Check: examples
Result: NOTE Examples with CPU (user + system) or elapsed time > 5s user system elapsed set_and_reps_schemes 4.442 0.059 5.754 Flavor: r-devel-linux-x86_64-debian-gcc