CRAN Package Check Results for Package SPORTSCausal

Last updated on 2025-05-08 16:54:35 CEST.

Flavor Version Tinstall Tcheck Ttotal Status Flags
r-devel-linux-x86_64-debian-clang 1.0 2.22 29.90 32.12 NOTE
r-devel-linux-x86_64-debian-gcc 1.0 1.29 22.84 24.13 NOTE
r-devel-linux-x86_64-fedora-clang 1.0 51.73 OK
r-devel-linux-x86_64-fedora-gcc 1.0 50.25 OK
r-devel-windows-x86_64 1.0 4.00 49.00 53.00 OK
r-patched-linux-x86_64 1.0 2.33 29.26 31.59 OK
r-release-linux-x86_64 1.0 1.61 28.74 30.35 OK
r-release-macos-arm64 1.0 20.00 OK
r-release-macos-x86_64 1.0 34.00 OK
r-release-windows-x86_64 1.0 4.00 51.00 55.00 OK
r-oldrel-macos-arm64 1.0 19.00 OK
r-oldrel-macos-x86_64 1.0 32.00 OK
r-oldrel-windows-x86_64 1.0 5.00 58.00 63.00 OK

Check Details

Version: 1.0
Check: CRAN incoming feasibility
Result: NOTE Maintainer: ‘Feiyu Yue <yuefyopals@gmail.com>’ No Authors@R field in DESCRIPTION. Please add one, modifying Authors@R: c(person(given = "Zihao", family = "Zheng", role = "aut"), person(given = "Feiyu", family = "Yue", role = c("aut", "cre"), email = "yuefyopals@gmail.com")) as necessary. Flavors: r-devel-linux-x86_64-debian-clang, r-devel-linux-x86_64-debian-gcc