Last updated on 2025-10-31 07:52:01 CET.
| Flavor | Version | Tinstall | Tcheck | Ttotal | Status | Flags | 
|---|---|---|---|---|---|---|
| r-devel-linux-x86_64-debian-clang | 1.0.3 | 21.06 | 166.53 | 187.59 | NOTE | |
| r-devel-linux-x86_64-debian-gcc | 1.0.3 | 12.11 | 102.91 | 115.02 | NOTE | |
| r-devel-linux-x86_64-fedora-clang | 1.0.3 | 49.00 | 254.63 | 303.63 | OK | |
| r-devel-linux-x86_64-fedora-gcc | 1.0.3 | 41.00 | 274.24 | 315.24 | OK | |
| r-devel-windows-x86_64 | 1.0.3 | 18.00 | 187.00 | 205.00 | OK | |
| r-patched-linux-x86_64 | 1.0.3 | 20.89 | 159.59 | 180.48 | OK | |
| r-release-linux-x86_64 | 1.0.3 | 19.90 | 154.87 | 174.77 | OK | |
| r-release-macos-arm64 | 1.0.3 | 9.00 | 89.00 | 98.00 | OK | |
| r-release-macos-x86_64 | 1.0.3 | 16.00 | 179.00 | 195.00 | OK | |
| r-release-windows-x86_64 | 1.0.3 | 19.00 | 196.00 | 215.00 | OK | |
| r-oldrel-macos-arm64 | 1.0.3 | 7.00 | 72.00 | 79.00 | OK | |
| r-oldrel-macos-x86_64 | 1.0.3 | 12.00 | 121.00 | 133.00 | OK | |
| r-oldrel-windows-x86_64 | 1.0.3 | 26.00 | 238.00 | 264.00 | OK | 
Version: 1.0.3
Check: CRAN incoming feasibility
Result: NOTE
  Maintainer: ‘Ziang Zhang <aguero.zhang@mail.utoronto.ca>’
  
  No Authors@R field in DESCRIPTION.
  Please add one, modifying
    Authors@R: c(person(given = "Ziang",
                        family = "Zhang",
                        role = c("aut", "cre"),
                        email = "aguero.zhang@mail.utoronto.ca"),
                 person(given = "Lei",
                        family = "Sun",
                        role = "aut"))
  as necessary.
  
  The Description field contains
    Accounting for Covariate Effects" <arXiv:2203.15641>.
  Please refer to arXiv e-prints via their arXiv DOI <doi:10.48550/arXiv.YYMM.NNNNN>.
Flavors: r-devel-linux-x86_64-debian-clang, r-devel-linux-x86_64-debian-gcc