Last updated on 2025-04-30 01:50:38 CEST.
Flavor | Version | Tinstall | Tcheck | Ttotal | Status | Flags |
---|---|---|---|---|---|---|
r-devel-linux-x86_64-debian-clang | 1.2.4 | 23.44 | 184.26 | 207.70 | NOTE | |
r-devel-linux-x86_64-debian-gcc | 1.2.4 | 14.99 | 124.27 | 139.26 | NOTE | |
r-devel-linux-x86_64-fedora-clang | 1.2.4 | 306.79 | OK | |||
r-devel-linux-x86_64-fedora-gcc | 1.2.4 | 299.57 | OK | |||
r-devel-windows-x86_64 | 1.2.4 | 24.00 | 167.00 | 191.00 | OK | |
r-patched-linux-x86_64 | 1.2.4 | 21.58 | 170.97 | 192.55 | OK | |
r-release-linux-x86_64 | 1.2.4 | 21.11 | 170.56 | 191.67 | OK | |
r-release-macos-arm64 | 1.2.4 | 71.00 | OK | |||
r-release-macos-x86_64 | 1.2.4 | 159.00 | OK | |||
r-release-windows-x86_64 | 1.2.4 | 26.00 | 163.00 | 189.00 | OK | |
r-oldrel-macos-arm64 | 1.2.4 | 82.00 | OK | |||
r-oldrel-macos-x86_64 | 1.2.4 | 178.00 | OK | |||
r-oldrel-windows-x86_64 | 1.2.4 | 32.00 | 230.00 | 262.00 | OK |
Version: 1.2.4
Check: examples
Result: NOTE
Examples with CPU (user + system) or elapsed time > 5s
user system elapsed
overlap 8.064 0.108 11.038
hclustcompro_select_alpha 5.810 0.102 7.021
Flavor: r-devel-linux-x86_64-debian-clang
Version: 1.2.4
Check: examples
Result: NOTE
Examples with CPU (user + system) or elapsed time > 5s
user system elapsed
overlap 4.047 0.032 5.607
Flavor: r-devel-linux-x86_64-debian-gcc