Last updated on 2024-06-29 11:49:25 CEST.
Flavor | Version | Tinstall | Tcheck | Ttotal | Status | Flags |
---|---|---|---|---|---|---|
r-devel-linux-x86_64-debian-clang | 1.2.4 | 24.41 | 227.55 | 251.96 | OK | |
r-devel-linux-x86_64-debian-gcc | 1.2.4 | 21.99 | 161.10 | 183.09 | OK | |
r-devel-linux-x86_64-fedora-clang | 1.2.4 | 310.39 | NOTE | |||
r-devel-linux-x86_64-fedora-gcc | 1.2.4 | 285.35 | OK | |||
r-devel-windows-x86_64 | 1.2.4 | 25.00 | 177.00 | 202.00 | OK | |
r-patched-linux-x86_64 | 1.2.1 | 38.41 | 493.51 | 531.92 | OK | |
r-release-linux-x86_64 | 1.2.1 | 37.50 | 480.49 | 517.99 | OK | |
r-release-macos-arm64 | 1.2.4 | 82.00 | OK | |||
r-release-macos-x86_64 | 1.2.4 | 178.00 | OK | |||
r-release-windows-x86_64 | 1.2.1 | 48.00 | 307.00 | 355.00 | OK | |
r-oldrel-macos-arm64 | 1.2.4 | 99.00 | OK | |||
r-oldrel-macos-x86_64 | 1.2.4 | 172.00 | OK | |||
r-oldrel-windows-x86_64 | 1.2.4 | 31.00 | 213.00 | 244.00 | OK |
Version: 1.2.4
Check: package dependencies
Result: NOTE
Imports includes 32 non-default packages.
Importing from so many packages makes the package vulnerable to any of
them becoming unavailable. Move as many as possible to Suggests and
use conditionally.
Flavor: r-devel-linux-x86_64-fedora-clang