CRAN Package Check Results for Package SMME

Last updated on 2025-04-30 01:50:37 CEST.

Flavor Version Tinstall Tcheck Ttotal Status Flags
r-devel-linux-x86_64-debian-clang 1.1.1 37.77 29.76 67.53 NOTE
r-devel-linux-x86_64-debian-gcc 1.1.1 23.58 23.14 46.72 NOTE
r-devel-linux-x86_64-fedora-clang 1.1.1 110.08 NOTE
r-devel-linux-x86_64-fedora-gcc 1.1.1 112.81 NOTE
r-devel-windows-x86_64 1.1.1 37.00 78.00 115.00 NOTE
r-patched-linux-x86_64 1.1.1 34.10 27.99 62.09 NOTE
r-release-linux-x86_64 1.1.1 36.07 28.28 64.35 NOTE
r-release-macos-arm64 1.1.1 38.00 NOTE
r-release-macos-x86_64 1.1.1 61.00 NOTE
r-release-windows-x86_64 1.1.1 37.00 77.00 114.00 NOTE
r-oldrel-macos-arm64 1.1.1 38.00 NOTE
r-oldrel-macos-x86_64 1.1.1 48.00 NOTE
r-oldrel-windows-x86_64 1.1.1 43.00 82.00 125.00 NOTE

Check Details

Version: 1.1.1
Check: C++ specification
Result: NOTE Specified C++11: please drop specification unless essential Flavors: r-devel-linux-x86_64-debian-clang, r-devel-linux-x86_64-debian-gcc, r-devel-linux-x86_64-fedora-clang, r-devel-linux-x86_64-fedora-gcc, r-devel-windows-x86_64, r-patched-linux-x86_64, r-release-linux-x86_64, r-release-macos-arm64, r-release-macos-x86_64, r-release-windows-x86_64, r-oldrel-macos-arm64, r-oldrel-macos-x86_64, r-oldrel-windows-x86_64