Last updated on 2024-06-29 11:49:24 CEST.
Flavor | Version | Tinstall | Tcheck | Ttotal | Status | Flags |
---|---|---|---|---|---|---|
r-devel-linux-x86_64-debian-clang | 0.1.5 | 50.92 | 550.21 | 601.13 | OK | |
r-devel-linux-x86_64-debian-gcc | 0.1.5 | 41.94 | 409.70 | 451.64 | OK | |
r-devel-linux-x86_64-fedora-clang | 0.1.5 | 777.27 | OK | |||
r-devel-linux-x86_64-fedora-gcc | 0.1.5 | 788.46 | OK | |||
r-devel-windows-x86_64 | 0.1.5 | 51.00 | 522.00 | 573.00 | OK | |
r-patched-linux-x86_64 | 0.1.5 | 52.26 | 532.26 | 584.52 | OK | |
r-release-linux-x86_64 | 0.1.5 | 54.71 | 514.45 | 569.16 | OK | |
r-release-macos-arm64 | 0.1.5 | 214.00 | OK | |||
r-release-macos-x86_64 | 0.1.5 | 311.00 | OK | |||
r-release-windows-x86_64 | 0.1.5 | 50.00 | 367.00 | 417.00 | OK | |
r-oldrel-macos-arm64 | 0.1.5 | 9.00 | ERROR | |||
r-oldrel-macos-x86_64 | 0.1.5 | 10.00 | ERROR | |||
r-oldrel-windows-x86_64 | 0.1.5 | 67.00 | 508.00 | 575.00 | OK |
Version: 0.1.5
Check: package dependencies
Result: ERROR
Package required but not available: ‘GSVA’
See section ‘The DESCRIPTION file’ in the ‘Writing R Extensions’
manual.
Flavors: r-oldrel-macos-arm64, r-oldrel-macos-x86_64