Last updated on 2024-06-29 23:50:04 CEST.
Flavor | Version | Tinstall | Tcheck | Ttotal | Status | Flags |
---|---|---|---|---|---|---|
r-devel-linux-x86_64-debian-clang | 0.1.0 | 8.26 | 75.40 | 83.66 | NOTE | |
r-devel-linux-x86_64-debian-gcc | 0.1.0 | 6.91 | 55.21 | 62.12 | NOTE | |
r-devel-linux-x86_64-fedora-clang | 0.1.0 | 99.24 | NOTE | |||
r-devel-linux-x86_64-fedora-gcc | 0.1.0 | 94.81 | NOTE | |||
r-devel-windows-x86_64 | 0.1.0 | 7.00 | 72.00 | 79.00 | NOTE | |
r-patched-linux-x86_64 | 0.1.0 | 7.57 | 69.90 | 77.47 | NOTE | |
r-release-linux-x86_64 | 0.1.0 | 7.44 | 69.62 | 77.06 | NOTE | |
r-release-macos-arm64 | 0.1.0 | 32.00 | NOTE | |||
r-release-macos-x86_64 | 0.1.0 | 50.00 | NOTE | |||
r-release-windows-x86_64 | 0.1.0 | 7.00 | 71.00 | 78.00 | NOTE | |
r-oldrel-macos-arm64 | 0.1.0 | 41.00 | NOTE | |||
r-oldrel-macos-x86_64 | 0.1.0 | 57.00 | NOTE | |||
r-oldrel-windows-x86_64 | 0.1.0 | 9.00 | 87.00 | 96.00 | NOTE |
Version: 0.1.0
Check: LazyData
Result: NOTE
'LazyData' is specified without a 'data' directory
Flavors: r-devel-linux-x86_64-debian-clang, r-devel-linux-x86_64-debian-gcc, r-devel-linux-x86_64-fedora-clang, r-devel-linux-x86_64-fedora-gcc, r-devel-windows-x86_64, r-patched-linux-x86_64, r-release-linux-x86_64, r-release-macos-arm64, r-release-macos-x86_64, r-release-windows-x86_64, r-oldrel-macos-arm64, r-oldrel-macos-x86_64, r-oldrel-windows-x86_64