Last updated on 2025-05-01 14:49:22 CEST.
Flavor | Version | Tinstall | Tcheck | Ttotal | Status | Flags |
---|---|---|---|---|---|---|
r-devel-linux-x86_64-debian-clang | 0.4.1 | 7.15 | 236.10 | 243.25 | NOTE | |
r-devel-linux-x86_64-debian-gcc | 0.4.1 | 5.07 | 160.00 | 165.07 | OK | |
r-devel-linux-x86_64-fedora-clang | 0.4.1 | 384.52 | OK | |||
r-devel-linux-x86_64-fedora-gcc | 0.4.1 | 355.88 | OK | |||
r-devel-windows-x86_64 | 0.4.1 | 8.00 | 214.00 | 222.00 | OK | |
r-patched-linux-x86_64 | 0.4.1 | 7.03 | 224.99 | 232.02 | OK | |
r-release-linux-x86_64 | OK | |||||
r-release-macos-arm64 | 0.4.1 | 102.00 | OK | |||
r-release-macos-x86_64 | 0.4.1 | 205.00 | OK | |||
r-release-windows-x86_64 | 0.4.1 | 8.00 | 221.00 | 229.00 | OK | |
r-oldrel-macos-arm64 | 0.4.1 | 84.00 | OK | |||
r-oldrel-macos-x86_64 | 0.4.1 | 140.00 | OK | |||
r-oldrel-windows-x86_64 | 0.4.1 | 10.00 | 290.00 | 300.00 | OK |
Version: 0.4.1
Check: examples
Result: NOTE
Examples with CPU (user + system) or elapsed time > 5s
user system elapsed
SEMID-package 4.81 0.179 6.807
Flavor: r-devel-linux-x86_64-debian-clang