Last updated on 2024-06-29 11:49:24 CEST.
Flavor | Version | Tinstall | Tcheck | Ttotal | Status | Flags |
---|---|---|---|---|---|---|
r-devel-linux-x86_64-debian-clang | 1.0 | 1.95 | 33.77 | 35.72 | OK | |
r-devel-linux-x86_64-debian-gcc | 1.0 | 1.69 | 24.79 | 26.48 | OK | |
r-devel-linux-x86_64-fedora-clang | 1.0 | 43.80 | NOTE | |||
r-devel-linux-x86_64-fedora-gcc | 1.0 | 40.88 | OK | |||
r-devel-windows-x86_64 | 1.0 | 3.00 | 47.00 | 50.00 | OK | |
r-patched-linux-x86_64 | 1.0 | 2.47 | 31.05 | 33.52 | OK | |
r-release-linux-x86_64 | 1.0 | 2.10 | 32.47 | 34.57 | OK | |
r-release-macos-arm64 | 1.0 | 17.00 | OK | |||
r-release-macos-x86_64 | 1.0 | 24.00 | OK | |||
r-release-windows-x86_64 | 1.0 | 3.00 | 46.00 | 49.00 | OK | |
r-oldrel-macos-arm64 | 1.0 | 16.00 | OK | |||
r-oldrel-macos-x86_64 | 1.0 | 24.00 | OK | |||
r-oldrel-windows-x86_64 | 1.0 | 2.00 | 47.00 | 49.00 | OK |
Version: 1.0
Check: Rd cross-references
Result: NOTE
Undeclared packages ‘EDNE.EQ’, ‘T2EQ’ in Rd xrefs
Flavor: r-devel-linux-x86_64-fedora-clang