Last updated on 2025-04-30 07:55:21 CEST.
Flavor | Version | Tinstall | Tcheck | Ttotal | Status | Flags |
---|---|---|---|---|---|---|
r-devel-linux-x86_64-debian-clang | 1.0.7 | 7.19 | 100.18 | 107.37 | NOTE | |
r-devel-linux-x86_64-debian-gcc | 1.0.7 | 4.60 | 68.25 | 72.85 | NOTE | |
r-devel-linux-x86_64-fedora-clang | 1.0.7 | 167.22 | OK | |||
r-devel-linux-x86_64-fedora-gcc | 1.0.7 | 176.09 | OK | |||
r-devel-windows-x86_64 | 1.0.7 | 9.00 | 125.00 | 134.00 | OK | |
r-patched-linux-x86_64 | 1.0.7 | 8.96 | 94.80 | 103.76 | OK | |
r-release-linux-x86_64 | 1.0.7 | 7.40 | 94.75 | 102.15 | OK | |
r-release-macos-arm64 | 1.0.7 | 47.00 | OK | |||
r-release-macos-x86_64 | 1.0.7 | 96.00 | OK | |||
r-release-windows-x86_64 | 1.0.7 | 9.00 | 127.00 | 136.00 | OK | |
r-oldrel-macos-arm64 | 1.0.7 | 65.00 | OK | |||
r-oldrel-macos-x86_64 | 1.0.7 | 88.00 | OK | |||
r-oldrel-windows-x86_64 | 1.0.7 | 12.00 | 151.00 | 163.00 | OK |
Version: 1.0.7
Check: examples
Result: NOTE
Examples with CPU (user + system) or elapsed time > 5s
user system elapsed
cvSDTree 9.564 0.111 11.006
regPath.SDForest 4.391 0.028 5.601
Flavor: r-devel-linux-x86_64-debian-clang
Version: 1.0.7
Check: examples
Result: NOTE
Examples with CPU (user + system) or elapsed time > 5s
user system elapsed
cvSDTree 5.859 0.134 7.039
Flavor: r-devel-linux-x86_64-debian-gcc