Last updated on 2024-06-29 23:50:04 CEST.
Flavor | Version | Tinstall | Tcheck | Ttotal | Status | Flags |
---|---|---|---|---|---|---|
r-devel-linux-x86_64-debian-clang | 0.1.1 | 28.39 | 50.10 | 78.49 | NOTE | |
r-devel-linux-x86_64-debian-gcc | 0.1.1 | 20.02 | 37.90 | 57.92 | NOTE | |
r-devel-linux-x86_64-fedora-clang | 0.1.1 | 113.36 | NOTE | |||
r-devel-linux-x86_64-fedora-gcc | 0.1.1 | 122.03 | NOTE | |||
r-devel-windows-x86_64 | 0.1.1 | 27.00 | 81.00 | 108.00 | NOTE | |
r-patched-linux-x86_64 | 0.1.1 | 26.02 | 48.74 | 74.76 | NOTE | |
r-release-linux-x86_64 | 0.1.1 | 28.75 | 48.13 | 76.88 | NOTE | |
r-release-macos-arm64 | 0.1.1 | 36.00 | NOTE | |||
r-release-macos-x86_64 | 0.1.1 | 52.00 | NOTE | |||
r-release-windows-x86_64 | 0.1.1 | 26.00 | 82.00 | 108.00 | NOTE | |
r-oldrel-macos-arm64 | 0.1.1 | 40.00 | NOTE | |||
r-oldrel-macos-x86_64 | 0.1.1 | 85.00 | NOTE | |||
r-oldrel-windows-x86_64 | 0.1.1 | 33.00 | 94.00 | 127.00 | NOTE |
Version: 0.1.1
Check: LazyData
Result: NOTE
'LazyData' is specified without a 'data' directory
Flavors: r-devel-linux-x86_64-debian-clang, r-devel-linux-x86_64-debian-gcc, r-devel-linux-x86_64-fedora-clang, r-devel-linux-x86_64-fedora-gcc, r-devel-windows-x86_64, r-patched-linux-x86_64, r-release-linux-x86_64, r-release-macos-arm64, r-release-macos-x86_64, r-release-windows-x86_64, r-oldrel-macos-arm64, r-oldrel-macos-x86_64, r-oldrel-windows-x86_64
Version: 0.1.1
Check: dependencies in R code
Result: NOTE
Namespaces in Imports field not imported from:
‘Matrix’ ‘pracma’
All declared Imports should be used.
Flavors: r-devel-linux-x86_64-fedora-clang, r-devel-linux-x86_64-fedora-gcc